CRAN Package Check Results for Package matlab

Last updated on 2022-01-19 01:47:38 CET.

Flavor Version Tinstall Tcheck Ttotal Status Flags
r-devel-linux-x86_64-debian-clang 1.0.2 3.97 62.66 66.63 NOTE
r-devel-linux-x86_64-debian-gcc 1.0.2 3.07 49.03 52.10 NOTE
r-devel-linux-x86_64-fedora-clang 1.0.2 84.09 NOTE
r-devel-linux-x86_64-fedora-gcc 1.0.2 72.76 NOTE
r-devel-windows-x86_64-new-UL 1.0.2 48.00 100.00 148.00 NOTE
r-devel-windows-x86_64-new-TK 1.0.2 NOTE
r-patched-linux-x86_64 1.0.2 4.47 60.56 65.03 NOTE
r-release-linux-x86_64 1.0.2 NOTE
r-release-macos-arm64 1.0.2 NOTE
r-release-macos-x86_64 1.0.2 NOTE
r-release-windows-ix86+x86_64 1.0.2 9.00 63.00 72.00 NOTE
r-oldrel-macos-x86_64 1.0.2 NOTE
r-oldrel-windows-ix86+x86_64 1.0.2 7.00 63.00 70.00 NOTE

Check Details

Version: 1.0.2
Check: DESCRIPTION meta-information
Result: NOTE
    Malformed Description field: should contain one or more complete sentences.
Flavors: r-devel-linux-x86_64-debian-clang, r-devel-linux-x86_64-debian-gcc, r-devel-linux-x86_64-fedora-clang, r-devel-linux-x86_64-fedora-gcc, r-devel-windows-x86_64-new-UL, r-devel-windows-x86_64-new-TK, r-patched-linux-x86_64, r-release-linux-x86_64, r-release-macos-arm64, r-release-macos-x86_64, r-release-windows-ix86+x86_64, r-oldrel-macos-x86_64, r-oldrel-windows-ix86+x86_64

Version: 1.0.2
Check: R code for possible problems
Result: NOTE
    Found the following possibly unsafe calls:
    File 'matlab/R/zzz.R':
     unlockBinding("savedTime", .MatlabNamespaceEnv)
    
    colorbar : colorbar.EO: no visible global function definition for 'par'
    colorbar : colorbar.EO: no visible global function definition for
     'axis'
    colorbar : colorbar.EO: no visible global function definition for
     'axTicks'
    colorbar : colorbar.EO: no visible global function definition for 'box'
    colorbar : colorbar.NO: no visible global function definition for
     'axis'
    colorbar : colorbar.NO: no visible global function definition for
     'axTicks'
    colorbar : colorbar.NO: no visible global function definition for 'box'
    imagesc : pretty.axp: no visible global function definition for 'par'
    imagesc: no visible global function definition for 'axis'
    imagesc: no visible global function definition for 'box'
    jet.colors: no visible global function definition for 'rgb'
    multiline.plot.colors : get.gca.colororder: no visible global function
     definition for 'rgb'
    std: no visible global function definition for 'sd'
    Undefined global functions or variables:
     axTicks axis box par rgb sd
    Consider adding
     importFrom("grDevices", "rgb")
     importFrom("graphics", "axTicks", "axis", "box", "par")
     importFrom("stats", "sd")
    to your NAMESPACE file.
Flavors: r-devel-linux-x86_64-debian-clang, r-devel-linux-x86_64-debian-gcc, r-devel-linux-x86_64-fedora-clang, r-devel-linux-x86_64-fedora-gcc, r-devel-windows-x86_64-new-UL, r-devel-windows-x86_64-new-TK, r-patched-linux-x86_64, r-release-linux-x86_64, r-release-macos-arm64, r-release-macos-x86_64, r-release-windows-ix86+x86_64, r-oldrel-macos-x86_64, r-oldrel-windows-ix86+x86_64