CRAN Package Check Results for Package matlab

Last updated on 2023-12-04 09:49:28 CET.

Flavor Version Tinstall Tcheck Ttotal Status Flags
r-devel-linux-x86_64-debian-clang 1.0.4 4.39 59.72 64.11 NOTE
r-devel-linux-x86_64-debian-gcc 1.0.4 3.50 45.47 48.97 NOTE
r-devel-linux-x86_64-fedora-clang 1.0.4 82.83 NOTE
r-devel-linux-x86_64-fedora-gcc 1.0.4 78.36 NOTE
r-devel-windows-x86_64 1.0.4 5.00 80.00 85.00 NOTE
r-patched-linux-x86_64 1.0.4 4.72 59.28 64.00 NOTE
r-release-linux-x86_64 1.0.4 4.50 59.79 64.29 NOTE
r-release-macos-arm64 1.0.4 38.00 NOTE
r-release-macos-x86_64 1.0.4 55.00 NOTE
r-release-windows-x86_64 1.0.4 6.00 91.00 97.00 NOTE
r-oldrel-macos-arm64 1.0.4 39.00 OK
r-oldrel-macos-x86_64 1.0.4 49.00 OK
r-oldrel-windows-x86_64 1.0.4 32.00 107.00 139.00 OK

Check Details

Version: 1.0.4
Check: Rd files
Result: NOTE checkRd: (-1) size_t-class.Rd:6: Escaped LaTeX specials: \_ Flavors: r-devel-linux-x86_64-debian-clang, r-devel-linux-x86_64-debian-gcc, r-devel-linux-x86_64-fedora-clang, r-devel-linux-x86_64-fedora-gcc, r-devel-windows-x86_64, r-patched-linux-x86_64, r-release-linux-x86_64, r-release-macos-arm64, r-release-macos-x86_64, r-release-windows-x86_64