CRAN Package Check Results for Package matlib

Last updated on 2020-09-26 23:46:38 CEST.

Flavor Version Tinstall Tcheck Ttotal Status Flags
r-devel-linux-x86_64-debian-clang 0.9.3 10.26 105.39 115.65 OK
r-devel-linux-x86_64-debian-gcc 0.9.3 8.25 80.57 88.82 OK
r-devel-linux-x86_64-fedora-clang 0.9.3 144.88 OK
r-devel-linux-x86_64-fedora-gcc 0.9.3 137.94 OK
r-devel-windows-ix86+x86_64 0.9.3 21.00 136.00 157.00 OK
r-patched-linux-x86_64 0.9.3 8.87 100.27 109.14 OK
r-patched-solaris-x86 0.9.3 171.90 OK
r-release-linux-x86_64 0.9.3 10.03 100.33 110.36 OK
r-release-macos-x86_64 0.9.3 OK
r-release-windows-ix86+x86_64 0.9.3 21.00 133.00 154.00 OK
r-oldrel-macos-x86_64 0.9.3 WARN
r-oldrel-windows-ix86+x86_64 0.9.3 17.00 128.00 145.00 OK

Check Details

Version: 0.9.3
Check: whether package can be installed
Result: WARN
    Found the following significant warnings:
     Warning: 'rgl.init' failed, running with 'rgl.useNULL = TRUE'.
Flavor: r-oldrel-macos-x86_64