CRAN Package Check Results for Package matrixLaplacian

Last updated on 2022-12-10 07:04:38 CET.

Flavor Version Tinstall Tcheck Ttotal Status Flags
r-devel-linux-x86_64-debian-clang 1.0 1.72 20.66 22.38 NOTE
r-devel-linux-x86_64-debian-gcc 1.0 1.52 16.64 18.16 NOTE
r-devel-linux-x86_64-fedora-clang 1.0 40.98 NOTE
r-devel-linux-x86_64-fedora-gcc 1.0 38.28 NOTE
r-devel-windows-x86_64 1.0 19.00 54.00 73.00 NOTE
r-patched-linux-x86_64 1.0 1.41 20.71 22.12 NOTE
r-release-linux-x86_64 1.0 1.54 21.30 22.84 NOTE
r-release-macos-arm64 1.0 14.00 NOTE
r-release-macos-x86_64 1.0 18.00 NOTE
r-release-windows-x86_64 1.0 10.00 45.00 55.00 NOTE
r-oldrel-macos-arm64 1.0 17.00 NOTE
r-oldrel-macos-x86_64 1.0 23.00 NOTE
r-oldrel-windows-ix86+x86_64 1.0 4.00 47.00 51.00 NOTE

Check Details

Version: 1.0
Check: LazyData
Result: NOTE
     'LazyData' is specified without a 'data' directory
Flavors: r-devel-linux-x86_64-debian-clang, r-devel-linux-x86_64-debian-gcc, r-devel-linux-x86_64-fedora-clang, r-devel-linux-x86_64-fedora-gcc, r-devel-windows-x86_64, r-patched-linux-x86_64, r-release-linux-x86_64, r-release-macos-arm64, r-release-macos-x86_64, r-release-windows-x86_64, r-oldrel-macos-arm64, r-oldrel-macos-x86_64, r-oldrel-windows-ix86+x86_64