Last updated on 2023-03-30 22:55:03 CEST.
Flavor | Version | Tinstall | Tcheck | Ttotal | Status | Flags |
---|---|---|---|---|---|---|
r-devel-linux-x86_64-debian-clang | 1.0-6 | 2.95 | 33.27 | 36.22 | OK | |
r-devel-linux-x86_64-debian-gcc | 1.0-6 | 2.63 | 25.86 | 28.49 | OK | |
r-devel-linux-x86_64-fedora-clang | 1.0-6 | 46.09 | OK | |||
r-devel-linux-x86_64-fedora-gcc | 1.0-6 | 43.81 | OK | |||
r-devel-windows-x86_64 | 1.0-6 | 57.00 | 0.00 | 57.00 | FAIL | |
r-patched-linux-x86_64 | 1.0-6 | 4.36 | 32.56 | 36.92 | OK | |
r-release-linux-x86_64 | 1.0-6 | 2.97 | 30.80 | 33.77 | OK | |
r-release-macos-arm64 | 1.0-6 | 13.00 | OK | |||
r-release-macos-x86_64 | 1.0-6 | 27.00 | OK | |||
r-release-windows-x86_64 | 1.0-6 | 24.00 | 66.00 | 90.00 | OK | |
r-oldrel-macos-arm64 | 1.0-6 | 18.00 | OK | |||
r-oldrel-macos-x86_64 | 1.0-6 | 33.00 | OK | |||
r-oldrel-windows-ix86+x86_64 | 1.0-6 | 7.00 | 53.00 | 60.00 | OK |
Version: 1.0-6
Check: S3 generic/method consistency
Result: WARN
Mingw-w64 runtime failure:
VirtualProtect failed with code 0x5af
See section 'Generic functions and methods' in the 'Writing R
Extensions' manual.
Flavor: r-devel-windows-x86_64
Version: 1.0-6
Check: R code for possible problems
Result: NOTE
Fatal error: couldn't allocate node stack
Flavor: r-devel-windows-x86_64
Version: 1.0-6
Check: Rd contents
Result: FAIL
Flavor: r-devel-windows-x86_64