CRAN Package Check Results for Package matrixcut

Last updated on 2024-06-20 23:57:33 CEST.

Flavor Version Tinstall Tcheck Ttotal Status Flags
r-devel-linux-x86_64-debian-clang 0.0.1 1.77 22.50 24.27 OK
r-devel-linux-x86_64-debian-gcc 0.0.1 1.64 17.96 19.60 OK
r-devel-linux-x86_64-fedora-clang 0.0.1 32.67 NOTE
r-devel-linux-x86_64-fedora-gcc 0.0.1 30.73 NOTE
r-devel-windows-x86_64 0.0.1 4.00 40.00 44.00 OK
r-patched-linux-x86_64 0.0.1 1.69 22.10 23.79 OK
r-release-linux-x86_64 0.0.1 2.15 22.65 24.80 OK
r-release-macos-arm64 0.0.1 16.00 OK
r-release-macos-x86_64 0.0.1 20.00 OK
r-release-windows-x86_64 0.0.1 4.00 41.00 45.00 OK
r-oldrel-macos-arm64 0.0.1 16.00 OK
r-oldrel-macos-x86_64 0.0.1 19.00 OK
r-oldrel-windows-x86_64 0.0.1 3.00 41.00 44.00 OK

Check Details

Version: 0.0.1
Check: dependencies in R code
Result: NOTE Namespace in Imports field not imported from: ‘stats’ All declared Imports should be used. Flavors: r-devel-linux-x86_64-fedora-clang, r-devel-linux-x86_64-fedora-gcc