CRAN Package Check Results for Package matrixsampling

Last updated on 2022-10-02 08:55:18 CEST.

Flavor Version Tinstall Tcheck Ttotal Status Flags
r-devel-linux-x86_64-debian-clang 2.0.0 3.32 44.77 48.09 NOTE
r-devel-linux-x86_64-debian-gcc 2.0.0 2.47 32.35 34.82 NOTE
r-devel-linux-x86_64-fedora-clang 2.0.0 70.35 NOTE
r-devel-linux-x86_64-fedora-gcc 2.0.0 65.50 NOTE
r-devel-windows-x86_64 2.0.0 50.00 70.00 120.00 NOTE
r-patched-linux-x86_64 2.0.0 3.94 40.30 44.24 NOTE
r-release-linux-x86_64 2.0.0 3.50 41.23 44.73 NOTE
r-release-macos-arm64 2.0.0 18.00 NOTE
r-release-macos-x86_64 2.0.0 27.00 NOTE
r-release-windows-x86_64 2.0.0 8.00 68.00 76.00 NOTE
r-oldrel-macos-arm64 2.0.0 26.00 NOTE
r-oldrel-macos-x86_64 2.0.0 36.00 NOTE
r-oldrel-windows-ix86+x86_64 2.0.0 7.00 43.00 50.00 NOTE

Check Details

Version: 2.0.0
Check: LazyData
Result: NOTE
     'LazyData' is specified without a 'data' directory
Flavors: r-devel-linux-x86_64-debian-clang, r-devel-linux-x86_64-debian-gcc, r-devel-linux-x86_64-fedora-clang, r-devel-linux-x86_64-fedora-gcc, r-devel-windows-x86_64, r-patched-linux-x86_64, r-release-linux-x86_64, r-release-macos-arm64, r-release-macos-x86_64, r-release-windows-x86_64, r-oldrel-macos-arm64, r-oldrel-macos-x86_64, r-oldrel-windows-ix86+x86_64