CRAN Package Check Results for Package matrixsampling

Last updated on 2021-04-18 19:51:04 CEST.

Flavor Version Tinstall Tcheck Ttotal Status Flags
r-devel-linux-x86_64-debian-clang 2.0.0 3.78 42.61 46.39 NOTE
r-devel-linux-x86_64-debian-gcc 2.0.0 2.92 30.29 33.21 NOTE
r-devel-linux-x86_64-fedora-clang 2.0.0 63.28 NOTE
r-devel-linux-x86_64-fedora-gcc 2.0.0 52.10 NOTE
r-devel-windows-ix86+x86_64 2.0.0 7.00 4.00 11.00 ERROR
r-devel-windows-x86_64-gcc10-UCRT 2.0.0 NOTE
r-patched-linux-x86_64 2.0.0 2.89 39.04 41.93 OK
r-patched-solaris-x86 2.0.0 71.10 OK
r-release-linux-x86_64 2.0.0 3.23 39.03 42.26 OK
r-release-macos-x86_64 2.0.0 OK
r-release-windows-ix86+x86_64 2.0.0 6.00 44.00 50.00 OK
r-oldrel-macos-x86_64 2.0.0 OK
r-oldrel-windows-ix86+x86_64 2.0.0 8.00 57.00 65.00 OK

Check Details

Version: 2.0.0
Check: LazyData
Result: NOTE
     'LazyData' is specified without a 'data' directory
Flavors: r-devel-linux-x86_64-debian-clang, r-devel-linux-x86_64-debian-gcc, r-devel-linux-x86_64-fedora-clang, r-devel-linux-x86_64-fedora-gcc, r-devel-windows-x86_64-gcc10-UCRT

Version: 2.0.0
Check: whether package ‘matrixsampling’
Result: ERROR
    
    *
Flavor: r-devel-windows-ix86+x86_64