CRAN Package Check Results for Package matsbyname

Last updated on 2020-04-10 06:48:03 CEST.

Flavor Version Tinstall Tcheck Ttotal Status Flags
r-devel-linux-x86_64-debian-clang 0.4.12 6.80 78.73 85.53 OK
r-devel-linux-x86_64-debian-gcc 0.4.12 5.61 60.28 65.89 OK
r-devel-linux-x86_64-fedora-clang 0.4.12 99.71 OK
r-devel-linux-x86_64-fedora-gcc 0.4.12 114.66 OK
r-devel-windows-ix86+x86_64 0.4.12 16.00 92.00 108.00 OK
r-devel-windows-ix86+x86_64-gcc8 0.4.12 13.00 94.00 107.00 OK
r-patched-linux-x86_64 0.4.12 6.21 75.91 82.12 OK
r-patched-osx-x86_64 0.4.12 WARN
r-patched-solaris-x86 0.4.12 132.60 OK
r-release-linux-x86_64 0.4.12 4.68 70.56 75.24 OK
r-release-windows-ix86+x86_64 0.4.12 18.00 129.00 147.00 OK
r-release-osx-x86_64 0.4.12 OK
r-oldrel-windows-ix86+x86_64 0.4.12 16.00 86.00 102.00 OK
r-oldrel-osx-x86_64 0.4.12 OK

Check Details

Version: 0.4.12
Check: re-building of vignette outputs
Result: WARN
    Error(s) in re-building vignettes:
    --- re-building ‘applybyname-vignette.Rmd’ using rmarkdown
    dyld: lazy symbol binding failed: Symbol not found: ____chkstk_darwin
     Referenced from: /usr/local/bin/pandoc (which was built for Mac OS X 10.15)
     Expected in: /usr/lib/libSystem.B.dylib
    
    dyld: Symbol not found: ____chkstk_darwin
     Referenced from: /usr/local/bin/pandoc (which was built for Mac OS X 10.15)
     Expected in: /usr/lib/libSystem.B.dylib
    
    Error: processing vignette 'applybyname-vignette.Rmd' failed with diagnostics:
    pandoc document conversion failed with error 6
    --- failed re-building ‘applybyname-vignette.Rmd’
    
    --- re-building ‘matsbyname.Rmd’ using rmarkdown
    dyld: lazy symbol binding failed: Symbol not found: ____chkstk_darwin
     Referenced from: /usr/local/bin/pandoc (which was built for Mac OS X 10.15)
     Expected in: /usr/lib/libSystem.B.dylib
    
    dyld: Symbol not found: ____chkstk_darwin
     Referenced from: /usr/local/bin/pandoc (which was built for Mac OS X 10.15)
     Expected in: /usr/lib/libSystem.B.dylib
    
    Error: processing vignette 'matsbyname.Rmd' failed with diagnostics:
    pandoc document conversion failed with error 6
    --- failed re-building ‘matsbyname.Rmd’
    
    SUMMARY: processing the following files failed:
     ‘applybyname-vignette.Rmd’ ‘matsbyname.Rmd’
    
    Error: Vignette re-building failed.
    Execution halted
Flavor: r-patched-osx-x86_64