CRAN Package Check Results for Package mau

Last updated on 2020-04-08 10:47:19 CEST.

Flavor Version Tinstall Tcheck Ttotal Status Flags
r-devel-linux-x86_64-debian-clang 0.1.2 5.77 62.48 68.25 NOTE
r-devel-linux-x86_64-debian-gcc 0.1.2 4.56 47.71 52.27 NOTE
r-devel-linux-x86_64-fedora-clang 0.1.2 77.83 NOTE
r-devel-linux-x86_64-fedora-gcc 0.1.2 92.18 NOTE
r-devel-windows-ix86+x86_64 0.1.2 18.00 135.00 153.00 OK
r-devel-windows-ix86+x86_64-gcc8 0.1.2 15.00 71.00 86.00 OK
r-patched-linux-x86_64 0.1.2 6.30 59.62 65.92 NOTE
r-patched-solaris-x86 0.1.2 141.10 NOTE
r-release-linux-x86_64 0.1.2 5.03 55.28 60.31 OK
r-release-windows-ix86+x86_64 0.1.2 14.00 88.00 102.00 OK
r-release-osx-x86_64 0.1.2 OK
r-oldrel-windows-ix86+x86_64 0.1.2 12.00 74.00 86.00 OK
r-oldrel-osx-x86_64 0.1.2 OK

Check Details

Version: 0.1.2
Check: for non-standard things in the check directory
Result: NOTE
    Found the following files/directories:
     'utilities.R'
Flavors: r-devel-linux-x86_64-debian-clang, r-devel-linux-x86_64-debian-gcc, r-devel-linux-x86_64-fedora-clang, r-devel-linux-x86_64-fedora-gcc, r-patched-linux-x86_64, r-patched-solaris-x86