CRAN Package Check Results for Package mau

Last updated on 2019-08-21 02:49:10 CEST.

Flavor Version Tinstall Tcheck Ttotal Status Flags
r-devel-linux-x86_64-debian-clang 0.1.2 5.01 56.25 61.26 NOTE
r-devel-linux-x86_64-debian-gcc 0.1.2 4.42 42.49 46.91 NOTE
r-devel-linux-x86_64-fedora-clang 0.1.2 74.46 NOTE
r-devel-linux-x86_64-fedora-gcc 0.1.2 67.64 NOTE
r-devel-windows-ix86+x86_64 0.1.2 15.00 123.00 138.00 OK
r-patched-linux-x86_64 0.1.2 4.17 52.27 56.44 OK
r-patched-solaris-x86 0.1.2 108.80 OK
r-release-linux-x86_64 0.1.2 4.63 53.42 58.05 OK
r-release-windows-ix86+x86_64 0.1.2 11.00 66.00 77.00 OK
r-release-osx-x86_64 0.1.2 OK
r-oldrel-windows-ix86+x86_64 0.1.2 10.00 102.00 112.00 OK
r-oldrel-osx-x86_64 0.1.2 OK

Check Details

Version: 0.1.2
Check: for non-standard things in the check directory
Result: NOTE
    Found the following files/directories:
     'utilities.R'
Flavors: r-devel-linux-x86_64-debian-clang, r-devel-linux-x86_64-debian-gcc, r-devel-linux-x86_64-fedora-clang, r-devel-linux-x86_64-fedora-gcc