CRAN Package Check Results for Package mau

Last updated on 2019-12-10 15:48:05 CET.

Flavor Version Tinstall Tcheck Ttotal Status Flags
r-devel-linux-x86_64-debian-clang 0.1.2 5.36 59.29 64.65 NOTE
r-devel-linux-x86_64-debian-gcc 0.1.2 4.26 44.25 48.51 NOTE
r-devel-linux-x86_64-fedora-clang 0.1.2 74.54 NOTE
r-devel-linux-x86_64-fedora-gcc 0.1.2 71.35 NOTE
r-devel-windows-ix86+x86_64 0.1.2 15.00 90.00 105.00 OK
r-devel-windows-ix86+x86_64-gcc8 0.1.2 15.00 109.00 124.00 OK
r-patched-linux-x86_64 0.1.2 3.47 51.62 55.09 OK
r-patched-solaris-x86 0.1.2 97.60 OK
r-release-linux-x86_64 0.1.2 4.52 51.19 55.71 OK
r-release-windows-ix86+x86_64 0.1.2 14.00 71.00 85.00 OK
r-release-osx-x86_64 0.1.2 OK
r-oldrel-windows-ix86+x86_64 0.1.2 7.00 69.00 76.00 OK
r-oldrel-osx-x86_64 0.1.2 OK

Check Details

Version: 0.1.2
Check: for non-standard things in the check directory
Result: NOTE
    Found the following files/directories:
     'utilities.R'
Flavors: r-devel-linux-x86_64-debian-clang, r-devel-linux-x86_64-debian-gcc, r-devel-linux-x86_64-fedora-clang, r-devel-linux-x86_64-fedora-gcc