CRAN Package Check Results for Package mazeGen

Last updated on 2022-09-28 07:51:49 CEST.

Flavor Version Tinstall Tcheck Ttotal Status Flags
r-devel-linux-x86_64-debian-clang 0.1.3 5.44 46.83 52.27 NOTE
r-devel-linux-x86_64-debian-gcc 0.1.3 4.29 36.21 40.50 NOTE
r-devel-linux-x86_64-fedora-clang 0.1.3 77.68 NOTE
r-devel-linux-x86_64-fedora-gcc 0.1.3 73.88 NOTE
r-devel-windows-x86_64 0.1.3 17.00 93.00 110.00 OK
r-patched-linux-x86_64 0.1.3 6.94 43.61 50.55 NOTE
r-release-linux-x86_64 0.1.3 5.13 42.83 47.96 NOTE
r-release-macos-arm64 0.1.3 22.00 OK
r-release-macos-x86_64 0.1.3 31.00 OK
r-release-windows-x86_64 0.1.3 55.00 77.00 132.00 OK
r-oldrel-macos-arm64 0.1.3 28.00 OK
r-oldrel-macos-x86_64 0.1.3 42.00 OK
r-oldrel-windows-ix86+x86_64 0.1.3 12.00 72.00 84.00 OK

Check Details

Version: 0.1.3
Check: for non-standard things in the check directory
Result: NOTE
    Found the following files/directories:
     'map_5.png' 'maze_5.html'
Flavors: r-devel-linux-x86_64-debian-clang, r-devel-linux-x86_64-debian-gcc, r-devel-linux-x86_64-fedora-clang, r-devel-linux-x86_64-fedora-gcc, r-patched-linux-x86_64, r-release-linux-x86_64