CRAN Package Check Results for Package mbbefd

Last updated on 2019-04-22 04:51:38 CEST.

Flavor Version Tinstall Tcheck Ttotal Status Flags
r-devel-linux-x86_64-debian-clang 0.8.8.5 21.94 164.36 186.30 OK
r-devel-linux-x86_64-debian-gcc 0.8.8.5 16.66 128.10 144.76 OK
r-devel-linux-x86_64-fedora-clang 0.8.8.5 226.79 OK
r-devel-linux-x86_64-fedora-gcc 0.8.8.5 216.11 OK
r-devel-windows-ix86+x86_64 0.8.8.5 58.00 280.00 338.00 OK
r-patched-linux-x86_64 0.8.8.5 21.27 160.07 181.34 OK
r-patched-solaris-x86 0.8.8.5 334.70 OK
r-release-linux-x86_64 0.8.8.5 16.81 153.48 170.29 OK
r-release-windows-ix86+x86_64 0.8.8.5 36.00 364.00 400.00 OK
r-release-osx-x86_64 0.8.8.5 OK
r-oldrel-windows-ix86+x86_64 0.8.8.3 32.00 264.00 296.00 OK
r-oldrel-osx-x86_64 0.8.8.5 ERROR

Check Details

Version: 0.8.8.5
Check: whether package can be installed
Result: ERROR
    Installation failed.
Flavor: r-oldrel-osx-x86_64