Last updated on 2022-07-01 14:52:10 CEST.
Flavor | Version | Tinstall | Tcheck | Ttotal | Status | Flags |
---|---|---|---|---|---|---|
r-devel-linux-x86_64-debian-clang | 0.6 | 13.01 | 210.76 | 223.77 | NOTE | |
r-devel-linux-x86_64-debian-gcc | 0.6 | 11.11 | 157.60 | 168.71 | NOTE | |
r-devel-linux-x86_64-fedora-clang | 0.6 | 265.39 | NOTE | |||
r-devel-linux-x86_64-fedora-gcc | 0.6 | 272.03 | NOTE | |||
r-devel-windows-x86_64 | 0.6 | 28.00 | 233.00 | 261.00 | NOTE | |
r-patched-linux-x86_64 | 0.6 | 17.68 | 200.30 | 217.98 | NOTE | |
r-release-linux-x86_64 | 0.6 | 12.22 | 201.25 | 213.47 | NOTE | |
r-release-macos-arm64 | 0.6 | 65.00 | NOTE | |||
r-release-macos-x86_64 | 0.6 | 115.00 | NOTE | |||
r-release-windows-x86_64 | 0.6 | 29.00 | 248.00 | 277.00 | NOTE | |
r-oldrel-macos-arm64 | 0.6 | 77.00 | NOTE | |||
r-oldrel-macos-x86_64 | 0.6 | 110.00 | NOTE | |||
r-oldrel-windows-ix86+x86_64 | 0.6 | 31.00 | 406.00 | 437.00 | NOTE |
Version: 0.6
Check: LazyData
Result: NOTE
'LazyData' is specified without a 'data' directory
Flavors: r-devel-linux-x86_64-debian-clang, r-devel-linux-x86_64-debian-gcc, r-devel-linux-x86_64-fedora-clang, r-devel-linux-x86_64-fedora-gcc, r-devel-windows-x86_64, r-patched-linux-x86_64, r-release-linux-x86_64, r-release-macos-arm64, r-release-macos-x86_64, r-release-windows-x86_64, r-oldrel-macos-arm64, r-oldrel-macos-x86_64, r-oldrel-windows-ix86+x86_64
Version: 0.6
Check: Rd cross-references
Result: NOTE
Undeclared packages ‘logistf’, ‘brglm’ in Rd xrefs
Flavor: r-devel-linux-x86_64-fedora-clang