CRAN Package Check Results for Package mbir

Last updated on 2020-07-04 14:48:24 CEST.

Flavor Version Tinstall Tcheck Ttotal Status Flags
r-devel-linux-x86_64-debian-clang 1.3.5 4.59 38.62 43.21 OK
r-devel-linux-x86_64-debian-gcc 1.3.5 4.46 29.35 33.81 OK
r-devel-linux-x86_64-fedora-clang 1.3.5 59.22 NOTE
r-devel-linux-x86_64-fedora-gcc 1.3.5 51.45 NOTE
r-devel-windows-ix86+x86_64 1.3.5 12.00 51.00 63.00 OK
r-patched-linux-x86_64 1.3.5 5.26 38.32 43.58 OK
r-patched-solaris-x86 1.3.5 66.50 NOTE
r-release-linux-x86_64 1.3.5 5.72 37.96 43.68 OK
r-release-osx-x86_64 1.3.5 NOTE
r-release-windows-ix86+x86_64 1.3.5 11.00 43.00 54.00 OK
r-oldrel-osx-x86_64 1.3.5 NOTE
r-oldrel-windows-ix86+x86_64 1.3.5 8.00 63.00 71.00 OK

Check Details

Version: 1.3.5
Check: dependencies in R code
Result: NOTE
    Namespaces in Imports field not imported from:
     ‘effsize’ ‘psych’
     All declared Imports should be used.
Flavors: r-devel-linux-x86_64-fedora-clang, r-devel-linux-x86_64-fedora-gcc, r-patched-solaris-x86, r-release-osx-x86_64, r-oldrel-osx-x86_64