CRAN Package Check Results for Package mbir

Last updated on 2019-12-14 18:46:35 CET.

Flavor Version Tinstall Tcheck Ttotal Status Flags
r-devel-linux-x86_64-debian-clang 1.3.5 6.11 38.21 44.32 OK
r-devel-linux-x86_64-debian-gcc 1.3.5 4.25 29.13 33.38 OK
r-devel-linux-x86_64-fedora-clang 1.3.5 53.24 NOTE
r-devel-linux-x86_64-fedora-gcc 1.3.5 49.60 NOTE
r-devel-windows-ix86+x86_64 1.3.5 9.00 64.00 73.00 OK
r-devel-windows-ix86+x86_64-gcc8 1.3.5 8.00 74.00 82.00 OK
r-patched-linux-x86_64 1.3.5 4.35 34.32 38.67 OK
r-patched-solaris-x86 1.3.5 61.30 NOTE
r-release-linux-x86_64 1.3.5 5.18 34.49 39.67 OK
r-release-windows-ix86+x86_64 1.3.5 7.00 44.00 51.00 OK
r-release-osx-x86_64 1.3.5 NOTE
r-oldrel-windows-ix86+x86_64 1.3.5 7.00 42.00 49.00 OK
r-oldrel-osx-x86_64 1.3.5 NOTE

Check Details

Version: 1.3.5
Check: dependencies in R code
Result: NOTE
    Namespaces in Imports field not imported from:
     ‘effsize’ ‘psych’
     All declared Imports should be used.
Flavors: r-devel-linux-x86_64-fedora-clang, r-devel-linux-x86_64-fedora-gcc, r-patched-solaris-x86, r-release-osx-x86_64, r-oldrel-osx-x86_64