CRAN Package Check Results for Package mboost

Last updated on 2021-09-19 23:50:17 CEST.

Flavor Version Tinstall Tcheck Ttotal Status Flags
r-devel-linux-x86_64-debian-clang 2.9-5 17.66 375.96 393.62 OK
r-devel-linux-x86_64-debian-gcc 2.9-5 14.53 278.62 293.15 OK
r-devel-linux-x86_64-fedora-clang 2.9-5 458.34 OK
r-devel-linux-x86_64-fedora-gcc 2.9-5 450.41 OK
r-devel-windows-x86_64 2.9-5 21.00 161.00 182.00 OK --no-vignettes
r-devel-windows-x86_64-gcc10-UCRT 2.9-5 ERROR
r-patched-linux-x86_64 2.9-5 18.19 360.05 378.24 OK
r-patched-solaris-x86 2.9-5 655.30 OK
r-release-linux-x86_64 2.9-5 19.80 361.09 380.89 OK
r-release-macos-arm64 2.9-5 NOTE
r-release-macos-x86_64 2.9-5 NOTE
r-release-windows-ix86+x86_64 2.9-5 40.00 227.00 267.00 OK --no-vignettes
r-oldrel-macos-x86_64 2.9-5 NOTE
r-oldrel-windows-ix86+x86_64 2.9-5 34.00 212.00 246.00 OK --no-vignettes

Check Details

Version: 2.9-5
Check: package dependencies
Result: NOTE
    Package suggested but not available for checking: 'kangar00'
Flavors: r-devel-windows-x86_64-gcc10-UCRT, r-release-macos-arm64, r-release-macos-x86_64, r-oldrel-macos-x86_64

Version: 2.9-5
Check: whether package can be installed
Result: ERROR
    Installation failed.
Flavor: r-devel-windows-x86_64-gcc10-UCRT

Version: 2.9-5
Check: Rd cross-references
Result: NOTE
    Package unavailable to check Rd xrefs: ‘kangar00’
Flavors: r-release-macos-arm64, r-release-macos-x86_64, r-oldrel-macos-x86_64