Last updated on 2021-03-04 21:48:50 CET.
Flavor | Version | Tinstall | Tcheck | Ttotal | Status | Flags |
---|---|---|---|---|---|---|
r-devel-linux-x86_64-debian-clang | 2.9-4 | 15.08 | 916.70 | 931.78 | OK | |
r-devel-linux-x86_64-debian-gcc | 2.9-4 | 16.38 | 652.84 | 669.22 | OK | |
r-devel-linux-x86_64-fedora-clang | 2.9-4 | 1078.01 | OK | |||
r-devel-linux-x86_64-fedora-gcc | 2.9-4 | 1128.76 | OK | |||
r-devel-windows-ix86+x86_64 | 2.9-4 | 36.00 | 195.00 | 231.00 | OK | --no-vignettes |
r-patched-linux-x86_64 | 2.9-4 | 17.51 | 867.59 | 885.10 | OK | |
r-patched-solaris-x86 | 2.9-4 | 1333.40 | OK | |||
r-release-linux-x86_64 | 2.9-4 | 16.36 | 870.02 | 886.38 | OK | |
r-release-macos-x86_64 | 2.9-4 | NOTE | ||||
r-release-windows-ix86+x86_64 | 2.9-4 | 28.00 | 191.00 | 219.00 | OK | --no-vignettes |
r-oldrel-macos-x86_64 | 2.9-4 | OK | ||||
r-oldrel-windows-ix86+x86_64 | 2.9-4 | 31.00 | 198.00 | 229.00 | OK | --no-vignettes |
Version: 2.9-4
Check: package dependencies
Result: NOTE
Package suggested but not available for checking: ‘kangar00’
Flavor: r-release-macos-x86_64
Version: 2.9-4
Check: Rd cross-references
Result: NOTE
Package unavailable to check Rd xrefs: ‘kangar00’
Flavor: r-release-macos-x86_64