CRAN Package Check Results for Package mboost

Last updated on 2021-06-25 01:49:53 CEST.

Flavor Version Tinstall Tcheck Ttotal Status Flags
r-devel-linux-x86_64-debian-clang 2.9-5 19.31 384.22 403.53 OK
r-devel-linux-x86_64-debian-gcc 2.9-5 16.17 278.97 295.14 OK
r-devel-linux-x86_64-fedora-clang 2.9-5 469.30 OK
r-devel-linux-x86_64-fedora-gcc 2.9-5 459.98 OK
r-devel-windows-x86_64 2.9-5 29.00 161.00 190.00 OK --no-vignettes
r-devel-windows-x86_64-gcc10-UCRT 2.9-5 OK
r-patched-linux-x86_64 2.9-5 23.25 362.27 385.52 OK
r-patched-solaris-x86 2.9-5 641.20 OK
r-release-linux-x86_64 2.9-5 17.72 361.01 378.73 OK
r-release-macos-arm64 2.9-5 NOTE
r-release-macos-x86_64 2.9-5 NOTE
r-release-windows-ix86+x86_64 2.9-5 37.00 328.00 365.00 OK --no-vignettes
r-oldrel-macos-x86_64 2.9-5 NOTE
r-oldrel-windows-ix86+x86_64 2.9-5 35.00 315.00 350.00 OK --no-vignettes

Check Details

Version: 2.9-5
Check: package dependencies
Result: NOTE
    Package suggested but not available for checking: ‘kangar00’
Flavors: r-release-macos-arm64, r-release-macos-x86_64, r-oldrel-macos-x86_64

Version: 2.9-5
Check: Rd cross-references
Result: NOTE
    Package unavailable to check Rd xrefs: ‘kangar00’
Flavors: r-release-macos-arm64, r-release-macos-x86_64, r-oldrel-macos-x86_64