CRAN Package Check Results for Package mboxr

Last updated on 2021-10-25 05:58:17 CEST.

Flavor Version Tinstall Tcheck Ttotal Status Flags
r-devel-linux-x86_64-debian-clang 0.2.0 2.15 26.10 28.25 NOTE
r-devel-linux-x86_64-debian-gcc 0.2.0 1.63 20.63 22.26 NOTE
r-devel-linux-x86_64-fedora-clang 0.2.0 44.74 NOTE
r-devel-linux-x86_64-fedora-gcc 0.2.0 33.90 NOTE
r-devel-windows-x86_64 0.2.0 6.00 50.00 56.00 NOTE
r-devel-windows-x86_64-gcc10-UCRT 0.2.0 NOTE
r-patched-linux-x86_64 0.2.0 2.35 25.41 27.76 NOTE
r-patched-solaris-x86 0.2.0 54.00 NOTE
r-release-linux-x86_64 0.2.0 2.17 24.99 27.16 NOTE
r-release-macos-arm64 0.2.0 NOTE
r-release-macos-x86_64 0.2.0 NOTE
r-release-windows-ix86+x86_64 0.2.0 4.00 47.00 51.00 NOTE
r-oldrel-macos-x86_64 0.2.0 OK
r-oldrel-windows-ix86+x86_64 0.2.0 6.00 45.00 51.00 OK

Check Details

Version: 0.2.0
Check: LazyData
Result: NOTE
     'LazyData' is specified without a 'data' directory
Flavors: r-devel-linux-x86_64-debian-clang, r-devel-linux-x86_64-debian-gcc, r-devel-linux-x86_64-fedora-clang, r-devel-linux-x86_64-fedora-gcc, r-devel-windows-x86_64, r-devel-windows-x86_64-gcc10-UCRT, r-patched-linux-x86_64, r-patched-solaris-x86, r-release-linux-x86_64, r-release-macos-arm64, r-release-macos-x86_64, r-release-windows-ix86+x86_64