CRAN Package Check Results for Package mbr

Last updated on 2021-09-24 10:50:09 CEST.

Flavor Version Tinstall Tcheck Ttotal Status Flags
r-devel-linux-x86_64-debian-clang 0.0.1 9.39 97.14 106.53 OK
r-devel-linux-x86_64-debian-gcc 0.0.1 7.64 70.86 78.50 OK
r-devel-linux-x86_64-fedora-clang 0.0.1 130.67 NOTE
r-devel-linux-x86_64-fedora-gcc 0.0.1 119.24 NOTE
r-devel-windows-x86_64 0.0.1 10.00 85.00 95.00 OK
r-devel-windows-x86_64-gcc10-UCRT 0.0.1 NOTE
r-patched-linux-x86_64 0.0.1 10.15 89.78 99.93 OK
r-patched-solaris-x86 0.0.1 196.80 NOTE
r-release-linux-x86_64 0.0.1 10.34 90.99 101.33 OK
r-release-macos-arm64 0.0.1 NOTE
r-release-macos-x86_64 0.0.1 NOTE
r-release-windows-ix86+x86_64 0.0.1 23.00 82.00 105.00 OK
r-oldrel-macos-x86_64 0.0.1 NOTE
r-oldrel-windows-ix86+x86_64 0.0.1 15.00 82.00 97.00 OK

Check Details

Version: 0.0.1
Check: dependencies in R code
Result: NOTE
    Namespace in Imports field not imported from: ‘MASS’
     All declared Imports should be used.
Flavors: r-devel-linux-x86_64-fedora-clang, r-devel-linux-x86_64-fedora-gcc, r-devel-windows-x86_64-gcc10-UCRT, r-patched-solaris-x86, r-release-macos-arm64, r-release-macos-x86_64, r-oldrel-macos-x86_64