CRAN Package Check Results for Package mbrglm

Last updated on 2024-03-01 14:49:29 CET.

Flavor Version Tinstall Tcheck Ttotal Status Flags
r-devel-linux-x86_64-debian-clang 0.0.1 3.41 25.91 29.32 OK
r-devel-linux-x86_64-debian-gcc 0.0.1 2.58 20.18 22.76 OK
r-devel-linux-x86_64-fedora-clang 0.0.1 36.08 NOTE
r-devel-linux-x86_64-fedora-gcc 0.0.1 34.95 NOTE
r-devel-windows-x86_64 0.0.1 5.00 43.00 48.00 OK
r-patched-linux-x86_64 0.0.1 3.51 25.47 28.98 OK
r-release-linux-x86_64 0.0.1 2.85 25.62 28.47 OK
r-release-macos-arm64 0.0.1 17.00 OK
r-release-macos-x86_64 0.0.1 23.00 OK
r-release-windows-x86_64 0.0.1 5.00 46.00 51.00 OK
r-oldrel-macos-arm64 0.0.1 18.00 OK
r-oldrel-windows-x86_64 0.0.1 5.00 52.00 57.00 OK

Check Details

Version: 0.0.1
Check: compiled code
Result: NOTE File ‘mbrglm/libs/mbrglm.so’: Found no calls to: ‘R_registerRoutines’, ‘R_useDynamicSymbols’ It is good practice to register native routines and to disable symbol search. See ‘Writing portable packages’ in the ‘Writing R Extensions’ manual. Flavors: r-devel-linux-x86_64-fedora-clang, r-devel-linux-x86_64-fedora-gcc