CRAN Package Check Results for Package mcGlobaloptim

Last updated on 2021-10-20 05:50:48 CEST.

Flavor Version Tinstall Tcheck Ttotal Status Flags
r-devel-linux-x86_64-debian-clang 0.1 2.45 28.62 31.07 NOTE
r-devel-linux-x86_64-debian-gcc 0.1 1.82 21.69 23.51 NOTE
r-devel-linux-x86_64-fedora-clang 0.1 46.91 NOTE
r-devel-linux-x86_64-fedora-gcc 0.1 36.75 NOTE
r-devel-windows-x86_64 0.1 5.00 47.00 52.00 NOTE
r-devel-windows-x86_64-gcc10-UCRT 0.1 NOTE
r-patched-linux-x86_64 0.1 2.40 27.38 29.78 NOTE
r-patched-solaris-x86 0.1 56.70 NOTE
r-release-linux-x86_64 0.1 2.12 28.04 30.16 NOTE
r-release-macos-arm64 0.1 NOTE
r-release-macos-x86_64 0.1 NOTE
r-release-windows-ix86+x86_64 0.1 8.00 35.00 43.00 NOTE
r-oldrel-macos-x86_64 0.1 NOTE
r-oldrel-windows-ix86+x86_64 0.1 5.00 46.00 51.00 NOTE

Check Details

Version: 0.1
Check: R code for possible problems
Result: NOTE
    call_localoptim: no visible global function definition for 'optim'
    call_localoptim: no visible global function definition for 'nlminb'
    call_localoptim: no visible global function definition for
     'txtProgressBar'
    call_localoptim: no visible global function definition for
     'setTxtProgressBar'
    call_localoptim : <anonymous>: no visible global function definition
     for 'optim'
    call_localoptim : <anonymous>: no visible global function definition
     for 'nlminb'
    multiStartoptim: no visible global function definition for 'median'
    Undefined global functions or variables:
     median nlminb optim setTxtProgressBar txtProgressBar
    Consider adding
     importFrom("stats", "median", "nlminb", "optim")
     importFrom("utils", "setTxtProgressBar", "txtProgressBar")
    to your NAMESPACE file.
Flavors: r-devel-linux-x86_64-debian-clang, r-devel-linux-x86_64-debian-gcc, r-devel-linux-x86_64-fedora-clang, r-devel-linux-x86_64-fedora-gcc, r-devel-windows-x86_64, r-devel-windows-x86_64-gcc10-UCRT, r-patched-linux-x86_64, r-patched-solaris-x86, r-release-linux-x86_64, r-release-macos-arm64, r-release-macos-x86_64, r-release-windows-ix86+x86_64, r-oldrel-macos-x86_64, r-oldrel-windows-ix86+x86_64