CRAN Package Check Results for Package mcPAFit

Last updated on 2019-01-23 02:48:29 CET.

Flavor Version Tinstall Tcheck Ttotal Status Flags
r-devel-linux-x86_64-debian-clang 0.1.4 17.02 45.71 62.73 NOTE
r-devel-linux-x86_64-debian-gcc 0.1.4 13.97 35.88 49.85 NOTE
r-devel-linux-x86_64-fedora-clang 0.1.4 79.65 NOTE
r-devel-linux-x86_64-fedora-gcc 0.1.4 73.07 NOTE
r-devel-windows-ix86+x86_64 0.1.4 52.00 113.00 165.00 OK
r-patched-linux-x86_64 0.1.4 17.17 42.03 59.20 OK
r-patched-solaris-x86 0.1.4 110.40 OK
r-release-linux-x86_64 0.1.4 18.58 41.31 59.89 OK
r-release-windows-ix86+x86_64 0.1.4 37.00 129.00 166.00 OK
r-release-osx-x86_64 0.1.4 OK
r-oldrel-windows-ix86+x86_64 0.1.4 40.00 116.00 156.00 OK
r-oldrel-osx-x86_64 0.1.4 OK

Check Details

Version: 0.1.4
Check: use of SHLIB_OPENMP_*FLAGS in Makefiles
Result: NOTE
     src/Makevars: incorrect macro SHLIB_OPENMP_CFLAGS included in PKG_CXXFLAGS
     src/Makevars: SHLIB_OPENMP_CFLAGS is included in PKG_LIBS but linking is by C++
     src/Makevars.win: incorrect macro SHLIB_OPENMP_CFLAGS included in PKG_CXXFLAGS
     src/Makevars.win: SHLIB_OPENMP_CFLAGS is included in PKG_LIBS but linking is by C++
    Use of these macros is discussed in sect 1.2.1.1 of ‘Writing R
    Extensions’. The macros for different languages may differ so the
    matching macro must be used in PKG_CXXFLAGS (etc) and match that used
    in PKG_LIBS (except for Fortran: see the manual).
Flavors: r-devel-linux-x86_64-debian-clang, r-devel-linux-x86_64-debian-gcc, r-devel-linux-x86_64-fedora-clang, r-devel-linux-x86_64-fedora-gcc