CRAN Package Check Results for Package mcPAFit

Last updated on 2020-03-31 15:49:41 CEST.

Flavor Version Tinstall Tcheck Ttotal Status Flags
r-devel-linux-x86_64-debian-clang 0.1.4 22.48 50.58 73.06 NOTE
r-devel-linux-x86_64-debian-gcc 0.1.4 14.91 44.01 58.92 NOTE
r-devel-linux-x86_64-fedora-clang 0.1.4 94.05 NOTE
r-devel-linux-x86_64-fedora-gcc 0.1.4 88.07 NOTE
r-devel-windows-ix86+x86_64 0.1.4 41.00 89.00 130.00 OK
r-devel-windows-ix86+x86_64-gcc8 0.1.4 49.00 96.00 145.00 OK
r-patched-linux-x86_64 0.1.4 17.02 49.30 66.32 NOTE
r-patched-solaris-x86 0.1.4 135.00 OK
r-release-linux-x86_64 0.1.4 16.29 50.31 66.60 NOTE
r-release-windows-ix86+x86_64 0.1.4 66.00 174.00 240.00 OK
r-release-osx-x86_64 0.1.4 FAIL
r-oldrel-windows-ix86+x86_64 0.1.4 56.00 142.00 198.00 OK
r-oldrel-osx-x86_64 0.1.4 OK

Check Details

Version: 0.1.4
Check: use of SHLIB_OPENMP_*FLAGS in Makefiles
Result: NOTE
     src/Makevars: incorrect macro SHLIB_OPENMP_CFLAGS included in PKG_CXXFLAGS
     src/Makevars: SHLIB_OPENMP_CFLAGS is included in PKG_LIBS but linking is by C++
     src/Makevars.win: incorrect macro SHLIB_OPENMP_CFLAGS included in PKG_CXXFLAGS
     src/Makevars.win: SHLIB_OPENMP_CFLAGS is included in PKG_LIBS but linking is by C++
    Use of these macros is discussed in sect 1.2.1.1 of 'Writing R
    Extensions'. The macros for different languages may differ so the
    matching macro must be used in PKG_CXXFLAGS (etc) and match that used
    in PKG_LIBS (except for Fortran: see the manual).
Flavors: r-devel-linux-x86_64-debian-clang, r-devel-linux-x86_64-debian-gcc, r-devel-linux-x86_64-fedora-clang, r-devel-linux-x86_64-fedora-gcc, r-patched-linux-x86_64, r-release-linux-x86_64

Version: 0.1.4
Check: whether package can be installed
Result: FAIL
Flavor: r-release-osx-x86_64