CRAN Package Check Results for Package mcPAFit

Last updated on 2019-05-19 12:46:32 CEST.

Flavor Version Tinstall Tcheck Ttotal Status Flags
r-devel-linux-x86_64-debian-clang 0.1.4 16.92 50.63 67.55 NOTE
r-devel-linux-x86_64-debian-gcc 0.1.4 14.26 38.92 53.18 NOTE
r-devel-linux-x86_64-fedora-clang 0.1.4 86.80 NOTE
r-devel-linux-x86_64-fedora-gcc 0.1.4 80.01 NOTE
r-devel-windows-ix86+x86_64 0.1.4 73.00 136.00 209.00 OK
r-patched-linux-x86_64 0.1.4 16.37 47.68 64.05 NOTE
r-patched-solaris-x86 0.1.4 128.40 OK
r-release-linux-x86_64 0.1.4 15.92 48.05 63.97 NOTE
r-release-windows-ix86+x86_64 0.1.4 57.00 148.00 205.00 OK
r-release-osx-x86_64 0.1.4 FAIL
r-oldrel-windows-ix86+x86_64 0.1.4 52.00 166.00 218.00 OK
r-oldrel-osx-x86_64 0.1.4 OK

Check Details

Version: 0.1.4
Check: use of SHLIB_OPENMP_*FLAGS in Makefiles
Result: NOTE
     src/Makevars: incorrect macro SHLIB_OPENMP_CFLAGS included in PKG_CXXFLAGS
     src/Makevars: SHLIB_OPENMP_CFLAGS is included in PKG_LIBS but linking is by C++
     src/Makevars.win: incorrect macro SHLIB_OPENMP_CFLAGS included in PKG_CXXFLAGS
     src/Makevars.win: SHLIB_OPENMP_CFLAGS is included in PKG_LIBS but linking is by C++
    Use of these macros is discussed in sect 1.2.1.1 of 'Writing R
    Extensions'. The macros for different languages may differ so the
    matching macro must be used in PKG_CXXFLAGS (etc) and match that used
    in PKG_LIBS (except for Fortran: see the manual).
Flavors: r-devel-linux-x86_64-debian-clang, r-devel-linux-x86_64-debian-gcc, r-devel-linux-x86_64-fedora-clang, r-devel-linux-x86_64-fedora-gcc, r-patched-linux-x86_64, r-release-linux-x86_64

Version: 0.1.4
Check: whether package can be installed
Result: FAIL
    
Flavor: r-release-osx-x86_64