CRAN Package Check Results for Package mcPAFit

Last updated on 2019-03-26 13:51:23 CET.

Flavor Version Tinstall Tcheck Ttotal Status Flags
r-devel-linux-x86_64-debian-clang 0.1.4 17.60 44.11 61.71 NOTE
r-devel-linux-x86_64-debian-gcc 0.1.4 13.42 37.51 50.93 NOTE
r-devel-linux-x86_64-fedora-clang 0.1.4 88.99 NOTE
r-devel-linux-x86_64-fedora-gcc 0.1.4 78.04 NOTE
r-devel-windows-ix86+x86_64 0.1.4 59.00 96.00 155.00 OK
r-patched-linux-x86_64 0.1.4 16.85 44.93 61.78 OK
r-patched-solaris-x86 0.1.4 107.10 OK
r-release-linux-x86_64 0.1.4 15.91 43.35 59.26 OK
r-release-windows-ix86+x86_64 0.1.4 57.00 136.00 193.00 OK
r-release-osx-x86_64 0.1.4 OK
r-oldrel-windows-ix86+x86_64 0.1.4 40.00 148.00 188.00 OK
r-oldrel-osx-x86_64 0.1.4 OK

Check Details

Version: 0.1.4
Check: use of SHLIB_OPENMP_*FLAGS in Makefiles
Result: NOTE
     src/Makevars: incorrect macro SHLIB_OPENMP_CFLAGS included in PKG_CXXFLAGS
     src/Makevars: SHLIB_OPENMP_CFLAGS is included in PKG_LIBS but linking is by C++
     src/Makevars.win: incorrect macro SHLIB_OPENMP_CFLAGS included in PKG_CXXFLAGS
     src/Makevars.win: SHLIB_OPENMP_CFLAGS is included in PKG_LIBS but linking is by C++
    Use of these macros is discussed in sect 1.2.1.1 of 'Writing R
    Extensions'. The macros for different languages may differ so the
    matching macro must be used in PKG_CXXFLAGS (etc) and match that used
    in PKG_LIBS (except for Fortran: see the manual).
Flavors: r-devel-linux-x86_64-debian-clang, r-devel-linux-x86_64-debian-gcc, r-devel-linux-x86_64-fedora-clang, r-devel-linux-x86_64-fedora-gcc