CRAN Package Check Results for Package mcca

Last updated on 2021-12-05 08:51:02 CET.

Flavor Version Tinstall Tcheck Ttotal Status Flags
r-devel-linux-x86_64-debian-clang 0.7.0 15.41 139.79 155.20 NOTE
r-devel-linux-x86_64-debian-gcc 0.7.0 12.79 105.13 117.92 NOTE
r-devel-linux-x86_64-fedora-clang 0.7.0 189.79 NOTE
r-devel-linux-x86_64-fedora-gcc 0.7.0 169.65 NOTE
r-devel-windows-x86_64-new-UL 0.7.0 28.00 178.00 206.00 NOTE
r-devel-windows-x86_64-new-TK 0.7.0 NOTE
r-devel-windows-x86_64-old 0.7.0 25.00 117.00 142.00 NOTE
r-patched-linux-x86_64 0.7.0 13.43 124.30 137.73 NOTE
r-release-linux-x86_64 0.7.0 14.97 130.48 145.45 NOTE
r-release-macos-arm64 0.7.0 NOTE
r-release-macos-x86_64 0.7.0 NOTE
r-release-windows-ix86+x86_64 0.7.0 38.00 156.00 194.00 NOTE
r-oldrel-macos-x86_64 0.7.0 OK
r-oldrel-windows-ix86+x86_64 0.7.0 38.00 155.00 193.00 OK

Check Details

Version: 0.7.0
Check: LazyData
Result: NOTE
     'LazyData' is specified without a 'data' directory
Flavors: r-devel-linux-x86_64-debian-clang, r-devel-linux-x86_64-debian-gcc, r-devel-linux-x86_64-fedora-clang, r-devel-linux-x86_64-fedora-gcc, r-devel-windows-x86_64-new-UL, r-devel-windows-x86_64-new-TK, r-devel-windows-x86_64-old, r-patched-linux-x86_64, r-release-linux-x86_64, r-release-macos-arm64, r-release-macos-x86_64, r-release-windows-ix86+x86_64