CRAN Package Check Results for Package mcca

Last updated on 2021-09-17 08:50:24 CEST.

Flavor Version Tinstall Tcheck Ttotal Status Flags
r-devel-linux-x86_64-debian-clang 0.7.0 15.40 133.64 149.04 NOTE
r-devel-linux-x86_64-debian-gcc 0.7.0 12.15 99.10 111.25 NOTE
r-devel-linux-x86_64-fedora-clang 0.7.0 189.45 NOTE
r-devel-linux-x86_64-fedora-gcc 0.7.0 169.87 NOTE
r-devel-windows-x86_64 0.7.0 24.00 154.00 178.00 NOTE
r-devel-windows-x86_64-gcc10-UCRT 0.7.0 NOTE
r-patched-linux-x86_64 0.7.0 15.16 123.82 138.98 NOTE
r-patched-solaris-x86 0.7.0 234.50 NOTE
r-release-linux-x86_64 0.7.0 12.67 124.57 137.24 NOTE
r-release-macos-arm64 0.7.0 NOTE
r-release-macos-x86_64 0.7.0 NOTE
r-release-windows-ix86+x86_64 0.7.0 37.00 111.00 148.00 NOTE
r-oldrel-macos-x86_64 0.7.0 OK
r-oldrel-windows-ix86+x86_64 0.7.0 38.00 157.00 195.00 OK

Check Details

Version: 0.7.0
Check: LazyData
Result: NOTE
     'LazyData' is specified without a 'data' directory
Flavors: r-devel-linux-x86_64-debian-clang, r-devel-linux-x86_64-debian-gcc, r-devel-linux-x86_64-fedora-clang, r-devel-linux-x86_64-fedora-gcc, r-devel-windows-x86_64, r-devel-windows-x86_64-gcc10-UCRT, r-patched-linux-x86_64, r-patched-solaris-x86, r-release-linux-x86_64, r-release-macos-arm64, r-release-macos-x86_64, r-release-windows-ix86+x86_64