Last updated on 2023-06-01 23:00:09 CEST.
Flavor | Version | Tinstall | Tcheck | Ttotal | Status | Flags |
---|---|---|---|---|---|---|
r-devel-linux-x86_64-debian-clang | 1.1.0 | 100.86 | 61.78 | 162.64 | NOTE | |
r-devel-linux-x86_64-debian-gcc | 1.1.0 | 76.04 | 46.14 | 122.18 | NOTE | |
r-devel-linux-x86_64-fedora-clang | 1.1.0 | 248.53 | NOTE | |||
r-devel-linux-x86_64-fedora-gcc | 1.1.0 | 228.26 | NOTE | |||
r-devel-windows-x86_64 | 1.1.0 | 82.00 | 82.00 | 164.00 | OK | |
r-patched-linux-x86_64 | 1.1.0 | NOTE | ||||
r-release-linux-x86_64 | 1.1.0 | 82.68 | 57.06 | 139.74 | NOTE | |
r-release-macos-arm64 | 1.1.0 | 57.00 | NOTE | |||
r-release-macos-x86_64 | 1.1.0 | 95.00 | NOTE | |||
r-release-windows-x86_64 | 1.1.0 | 107.00 | 100.00 | 207.00 | OK | |
r-oldrel-macos-arm64 | 1.1.0 | 57.00 | OK | |||
r-oldrel-macos-x86_64 | 1.1.0 | 74.00 | OK | |||
r-oldrel-windows-x86_64 | 1.1.0 | 104.00 | 96.00 | 200.00 | OK |
Version: 1.1.0
Check: C++ specification
Result: NOTE
Specified C++11: please drop specification unless essential
Flavors: r-devel-linux-x86_64-debian-clang, r-devel-linux-x86_64-debian-gcc, r-devel-linux-x86_64-fedora-clang, r-devel-linux-x86_64-fedora-gcc, r-patched-linux-x86_64, r-release-linux-x86_64, r-release-macos-arm64, r-release-macos-x86_64