CRAN Package Check Results for Package mcclust

Last updated on 2024-06-25 23:50:14 CEST.

Flavor Version Tinstall Tcheck Ttotal Status Flags
r-devel-linux-x86_64-debian-clang 1.0.1 OK
r-devel-linux-x86_64-debian-gcc 1.0.1 2.23 27.35 29.58 OK
r-devel-linux-x86_64-fedora-clang 1.0.1 47.79 NOTE
r-devel-linux-x86_64-fedora-gcc 1.0.1 46.76 NOTE
r-devel-windows-x86_64 1.0.1 6.00 54.00 60.00 OK
r-patched-linux-x86_64 1.0.1 3.59 33.97 37.56 OK
r-release-linux-x86_64 1.0.1 2.46 34.43 36.89 OK
r-release-macos-arm64 1.0.1 22.00 OK
r-release-macos-x86_64 1.0.1 34.00 OK
r-release-windows-x86_64 1.0.1 6.00 54.00 60.00 OK
r-oldrel-macos-arm64 1.0.1 22.00 OK
r-oldrel-macos-x86_64 1.0.1 30.00 OK
r-oldrel-windows-x86_64 1.0.1 6.00 58.00 64.00 OK

Check Details

Version: 1.0.1
Check: compiled code
Result: NOTE File ‘mcclust/libs/mcclust.so’: Found no calls to: ‘R_registerRoutines’, ‘R_useDynamicSymbols’ It is good practice to register native routines and to disable symbol search. See ‘Writing portable packages’ in the ‘Writing R Extensions’ manual. Flavors: r-devel-linux-x86_64-fedora-clang, r-devel-linux-x86_64-fedora-gcc