CRAN Package Check Results for Package mcgibbsit

Last updated on 2021-12-02 18:50:58 CET.

Flavor Version Tinstall Tcheck Ttotal Status Flags
r-devel-linux-x86_64-debian-clang 1.1.0 2.29 22.57 24.86 NOTE
r-devel-linux-x86_64-debian-gcc 1.1.0 1.96 17.53 19.49 NOTE
r-devel-linux-x86_64-fedora-clang 1.1.0 41.28 NOTE
r-devel-linux-x86_64-fedora-gcc 1.1.0 30.12 NOTE
r-devel-windows-x86_64-new-UL 1.1.0 7.00 57.00 64.00 NOTE
r-devel-windows-x86_64-new-TK 1.1.0 NOTE
r-devel-windows-x86_64-old 1.1.0 4.00 30.00 34.00 NOTE
r-patched-linux-x86_64 1.1.0 2.38 21.78 24.16 NOTE
r-patched-solaris-x86 1.1.0 46.30 NOTE
r-release-linux-x86_64 1.1.0 2.29 21.04 23.33 NOTE
r-release-macos-arm64 1.1.0 NOTE
r-release-macos-x86_64 1.1.0 NOTE
r-release-windows-ix86+x86_64 1.1.0 6.00 31.00 37.00 NOTE
r-oldrel-macos-x86_64 1.1.0 NOTE
r-oldrel-windows-ix86+x86_64 1.1.0 5.00 39.00 44.00 NOTE

Check Details

Version: 1.1.0
Check: dependencies in R code
Result: NOTE
    Package in Depends field not imported from: 'coda'
     These packages need to be imported from (in the NAMESPACE file)
     for when this namespace is loaded but not attached.
Flavors: r-devel-linux-x86_64-debian-clang, r-devel-linux-x86_64-debian-gcc, r-devel-linux-x86_64-fedora-clang, r-devel-linux-x86_64-fedora-gcc, r-devel-windows-x86_64-new-UL, r-devel-windows-x86_64-new-TK, r-devel-windows-x86_64-old, r-patched-linux-x86_64, r-patched-solaris-x86, r-release-linux-x86_64, r-release-macos-arm64, r-release-macos-x86_64, r-release-windows-ix86+x86_64, r-oldrel-macos-x86_64, r-oldrel-windows-ix86+x86_64

Version: 1.1.0
Check: R code for possible problems
Result: NOTE
    mcgibbsit: no visible global function definition for 'is.mcmc.list'
    mcgibbsit: no visible global function definition for 'start'
    mcgibbsit: no visible global function definition for 'end'
    mcgibbsit: no visible global function definition for 'thin'
    mcgibbsit: no visible global function definition for 'nvar'
    mcgibbsit: no visible global function definition for 'mcmc'
    mcgibbsit: no visible global function definition for 'mcmc.list'
    mcgibbsit: no visible global function definition for 'varnames'
    mcgibbsit: no visible global function definition for 'qnorm'
    mcgibbsit: no visible global function definition for 'niter'
    mcgibbsit: no visible global function definition for 'quantile'
    mcgibbsit : to.table: no visible global function definition for
     'window'
    mcgibbsit: no visible global function definition for 'var'
    read.mcmc: no visible global function definition for 'mcmc.list'
    read.mcmc: no visible global function definition for 'mcmc'
    Undefined global functions or variables:
     end is.mcmc.list mcmc mcmc.list niter nvar qnorm quantile start thin
     var varnames window
    Consider adding
     importFrom("stats", "end", "qnorm", "quantile", "start", "var",
     "window")
    to your NAMESPACE file.
Flavors: r-devel-linux-x86_64-debian-clang, r-devel-linux-x86_64-debian-gcc, r-devel-linux-x86_64-fedora-clang, r-devel-linux-x86_64-fedora-gcc, r-devel-windows-x86_64-new-UL, r-devel-windows-x86_64-new-TK, r-devel-windows-x86_64-old, r-patched-linux-x86_64, r-patched-solaris-x86, r-release-linux-x86_64, r-release-macos-arm64, r-release-macos-x86_64, r-release-windows-ix86+x86_64, r-oldrel-macos-x86_64, r-oldrel-windows-ix86+x86_64

Version: 1.1.0
Check: for non-standard things in the check directory
Result: NOTE
    Found the following files/directories:
     'dnzcY3e.1' 'dnzcY3e.2' 'dnzcY3e.3' 'mcmc.1.csv' 'mcmc.10.csv'
     'mcmc.11.csv' 'mcmc.12.csv' 'mcmc.13.csv' 'mcmc.14.csv' 'mcmc.15.csv'
     'mcmc.16.csv' 'mcmc.17.csv' 'mcmc.18.csv' 'mcmc.19.csv' 'mcmc.2.csv'
     'mcmc.20.csv' 'mcmc.3.csv' 'mcmc.4.csv' 'mcmc.5.csv' 'mcmc.6.csv'
     'mcmc.7.csv' 'mcmc.8.csv' 'mcmc.9.csv'
Flavors: r-devel-linux-x86_64-debian-clang, r-devel-linux-x86_64-debian-gcc, r-devel-linux-x86_64-fedora-clang, r-devel-linux-x86_64-fedora-gcc, r-patched-linux-x86_64, r-patched-solaris-x86, r-release-linux-x86_64