CRAN Package Check Results for Package mclust

Last updated on 2017-11-24 00:47:10 CET.

Flavor Version Tinstall Tcheck Ttotal Status Flags
r-devel-linux-x86_64-debian-clang 5.4 23.03 232.95 255.98 OK
r-devel-linux-x86_64-debian-gcc 5.4 26.75 265.38 292.13 OK
r-devel-linux-x86_64-fedora-clang 5.4 299.54 NOTE
r-devel-linux-x86_64-fedora-gcc 5.4 300.67 NOTE
r-devel-windows-ix86+x86_64 5.3 73.00 422.00 495.00 NOTE
r-patched-linux-x86_64 5.4 29.75 341.54 371.29 OK
r-patched-solaris-x86 5.4 400.80 NOTE
r-release-linux-x86_64 5.4 31.64 329.86 361.50 OK
r-release-windows-ix86+x86_64 5.3 59.00 344.00 403.00 NOTE
r-release-osx-x86_64 5.4 NOTE
r-oldrel-windows-ix86+x86_64 5.3 56.00 343.00 399.00 NOTE
r-oldrel-osx-x86_64 5.4 OK

Check Details

Version: 5.4
Check: installed package size
Result: NOTE
     installed size is 5.2Mb
     sub-directories of 1Mb or more:
     doc 2.7Mb
Flavors: r-devel-linux-x86_64-fedora-clang, r-devel-linux-x86_64-fedora-gcc, r-patched-solaris-x86, r-release-osx-x86_64

Version: 5.3
Check: installed package size
Result: NOTE
     installed size is 5.9Mb
     sub-directories of 1Mb or more:
     doc 2.9Mb
     libs 1.5Mb
Flavors: r-devel-windows-ix86+x86_64, r-release-windows-ix86+x86_64, r-oldrel-windows-ix86+x86_64