Last updated on 2025-01-21 19:49:34 CET.
Flavor | Version | Tinstall | Tcheck | Ttotal | Status | Flags |
---|---|---|---|---|---|---|
r-devel-linux-x86_64-debian-clang | 6.1.1 | 41.27 | 218.10 | 259.37 | OK | |
r-devel-linux-x86_64-debian-gcc | 6.1.1 | 26.39 | 130.27 | 156.66 | OK | |
r-devel-linux-x86_64-fedora-clang | 6.1.1 | 436.59 | OK | |||
r-devel-linux-x86_64-fedora-gcc | 6.1.1 | 393.84 | OK | |||
r-devel-windows-x86_64 | 6.1.1 | 42.00 | 255.00 | 297.00 | OK | |
r-patched-linux-x86_64 | 6.1.1 | 37.40 | 187.40 | 224.80 | OK | |
r-release-linux-x86_64 | 6.1.1 | 34.79 | 183.65 | 218.44 | OK | |
r-release-macos-arm64 | 6.1.1 | 127.00 | NOTE | |||
r-release-macos-x86_64 | 6.1.1 | 147.00 | NOTE | |||
r-release-windows-x86_64 | 6.1.1 | 40.00 | 256.00 | 296.00 | NOTE | |
r-oldrel-macos-arm64 | 6.1.1 | 133.00 | NOTE | |||
r-oldrel-macos-x86_64 | 6.1.1 | 353.00 | NOTE | |||
r-oldrel-windows-x86_64 | 6.1.1 | 42.00 | 291.00 | 333.00 | NOTE |
Version: 6.1.1
Check: installed package size
Result: NOTE
installed size is 5.6Mb
sub-directories of 1Mb or more:
doc 2.9Mb
Flavors: r-release-macos-arm64, r-release-macos-x86_64, r-release-windows-x86_64, r-oldrel-macos-arm64, r-oldrel-macos-x86_64, r-oldrel-windows-x86_64