CRAN Package Check Results for Package mclustcomp

Last updated on 2019-03-21 22:51:08 CET.

Flavor Version Tinstall Tcheck Ttotal Status Flags
r-devel-linux-x86_64-debian-clang 0.3.1 19.87 28.05 47.92 WARN
r-devel-linux-x86_64-debian-gcc 0.3.1 17.31 22.89 40.20 OK
r-devel-linux-x86_64-fedora-clang 0.3.1 73.73 OK
r-devel-linux-x86_64-fedora-gcc 0.3.1 65.29 OK
r-devel-windows-ix86+x86_64 0.3.1 76.00 81.00 157.00 OK
r-patched-linux-x86_64 0.3.1 22.38 24.51 46.89 OK
r-patched-solaris-x86 0.3.1 76.10 OK
r-release-linux-x86_64 0.3.1 22.69 24.10 46.79 OK
r-release-windows-ix86+x86_64 0.3.1 55.00 56.00 111.00 OK
r-release-osx-x86_64 0.3.1 OK
r-oldrel-windows-ix86+x86_64 0.3.1 66.00 78.00 144.00 OK
r-oldrel-osx-x86_64 0.3.1 OK

Check Details

Version: 0.3.1
Check: whether package can be installed
Result: WARN
    Found the following significant warnings:
     Warning: unable to re-encode 'mclustcomp.R' line 19
Flavor: r-devel-linux-x86_64-debian-clang