CRAN Package Check Results for Package mclustcomp

Last updated on 2023-03-30 22:55:03 CEST.

Flavor Version Tinstall Tcheck Ttotal Status Flags
r-devel-linux-x86_64-debian-clang 0.3.3 32.81 31.12 63.93 NOTE
r-devel-linux-x86_64-debian-gcc 0.3.3 23.47 24.05 47.52 NOTE
r-devel-linux-x86_64-fedora-clang 0.3.3 89.76 NOTE
r-devel-linux-x86_64-fedora-gcc 0.3.3 78.90 NOTE
r-devel-windows-x86_64 0.3.3 39.00 0.00 39.00 NOTE
r-patched-linux-x86_64 0.3.3 25.01 29.94 54.95 NOTE
r-release-linux-x86_64 0.3.3 23.47 30.45 53.92 OK
r-release-macos-arm64 0.3.3 28.00 OK
r-release-macos-x86_64 0.3.3 41.00 OK
r-release-windows-x86_64 0.3.3 34.00 81.00 115.00 OK
r-oldrel-macos-arm64 0.3.3 34.00 OK
r-oldrel-macos-x86_64 0.3.3 36.00 OK
r-oldrel-windows-ix86+x86_64 0.3.3 78.00 79.00 157.00 OK

Check Details

Version: 0.3.3
Check: C++ specification
Result: NOTE
     Specified C++11: please drop specification unless essential
Flavors: r-devel-linux-x86_64-debian-clang, r-devel-linux-x86_64-debian-gcc, r-devel-linux-x86_64-fedora-clang, r-devel-linux-x86_64-fedora-gcc, r-devel-windows-x86_64, r-patched-linux-x86_64