CRAN Package Check Results for Package mcmcabn

Last updated on 2019-09-18 23:50:03 CEST.

Flavor Version Tinstall Tcheck Ttotal Status Flags
r-devel-linux-x86_64-debian-clang 0.2 10.70 105.10 115.80 OK
r-devel-linux-x86_64-debian-gcc 0.2 11.05 83.02 94.07 OK
r-devel-linux-x86_64-fedora-clang 0.2 143.71 OK
r-devel-linux-x86_64-fedora-gcc 0.2 146.97 OK
r-devel-windows-ix86+x86_64 0.2 38.00 161.00 199.00 OK
r-patched-linux-x86_64 0.2 10.22 102.75 112.97 OK
r-patched-solaris-x86 0.2 247.00 OK
r-release-linux-x86_64 0.2 9.42 103.00 112.42 OK
r-release-windows-ix86+x86_64 0.2 26.00 183.00 209.00 OK
r-release-osx-x86_64 0.2 ERROR
r-oldrel-windows-ix86+x86_64 0.2 13.00 101.00 114.00 OK
r-oldrel-osx-x86_64 0.2 OK

Check Details

Version: 0.2
Check: package dependencies
Result: ERROR
    Package required but not available: ‘gRbase’
    
    See section ‘The DESCRIPTION file’ in the ‘Writing R Extensions’
    manual.
Flavor: r-release-osx-x86_64