CRAN Package Check Results for Package mcmcsae

Last updated on 2021-04-10 22:52:29 CEST.

Flavor Version Tinstall Tcheck Ttotal Status Flags
r-devel-linux-x86_64-debian-clang 0.6.0 105.35 272.48 377.83 OK
r-devel-linux-x86_64-debian-gcc 0.6.0 76.63 201.69 278.32 OK
r-devel-linux-x86_64-fedora-clang 0.6.0 508.83 NOTE
r-devel-linux-x86_64-fedora-gcc 0.6.0 460.26 OK
r-devel-windows-ix86+x86_64 0.6.0 168.00 334.00 502.00 OK
r-devel-windows-x86_64-gcc10-UCRT 0.6.0 OK
r-patched-linux-x86_64 0.6.0 87.80 254.62 342.42 OK
r-patched-solaris-x86 0.6.0 563.50 OK
r-release-linux-x86_64 0.6.0 85.51 252.63 338.14 OK
r-release-macos-x86_64 0.6.0 NOTE
r-release-windows-ix86+x86_64 0.6.0 159.00 449.00 608.00 OK
r-oldrel-macos-x86_64 0.6.0 NOTE
r-oldrel-windows-ix86+x86_64 0.6.0 198.00 415.00 613.00 OK

Check Details

Version: 0.6.0
Check: installed package size
Result: NOTE
     installed size is 14.0Mb
     sub-directories of 1Mb or more:
     libs 12.6Mb
Flavors: r-devel-linux-x86_64-fedora-clang, r-release-macos-x86_64, r-oldrel-macos-x86_64