CRAN Package Check Results for Package mcount

Last updated on 2022-12-10 05:57:30 CET.

Flavor Version Tinstall Tcheck Ttotal Status Flags
r-devel-linux-x86_64-debian-clang 1.0.0 10.71 80.46 91.17 OK
r-devel-linux-x86_64-debian-gcc 1.0.0 6.44 63.45 69.89 OK
r-devel-linux-x86_64-fedora-clang 1.0.0 122.96 OK
r-devel-linux-x86_64-fedora-gcc 1.0.0 124.30 OK
r-devel-windows-x86_64 1.0.0 14.00 100.00 114.00 OK
r-patched-linux-x86_64 1.0.0 8.85 77.05 85.90 OK
r-release-linux-x86_64 1.0.0 7.76 80.51 88.27 OK
r-release-macos-arm64 1.0.0 36.00 OK
r-release-macos-x86_64 1.0.0 46.00 OK
r-release-windows-x86_64 1.0.0 13.00 104.00 117.00 OK
r-oldrel-macos-arm64 1.0.0 32.00 OK
r-oldrel-macos-x86_64 1.0.0 42.00 OK
r-oldrel-windows-ix86+x86_64 1.0.0 20.00 100.00 120.00 ERROR

Check Details

Version: 1.0.0
Check: PDF version of manual
Result: WARN
    LaTeX errors when creating PDF version.
    This typically indicates Rd problems.
    LaTeX errors found:
    ! Package inputenc Error: Unicode char รข<c2><80><c2><90> (U+2010)
    (inputenc) not set up for use with LaTeX.
    
    See the inputenc package documentation for explanation.
    Type H <return> for immediate help.
Flavor: r-oldrel-windows-ix86+x86_64

Version: 1.0.0
Check: PDF version of manual without hyperrefs or index
Result: ERROR
Flavor: r-oldrel-windows-ix86+x86_64