Last updated on 2023-11-28 20:48:29 CET.
Flavor | Version | Tinstall | Tcheck | Ttotal | Status | Flags |
---|---|---|---|---|---|---|
r-devel-linux-x86_64-debian-clang | 0.3.2 | 2.16 | 85.37 | 87.53 | NOTE | |
r-devel-linux-x86_64-debian-gcc | 0.3.2 | 2.04 | 60.44 | 62.48 | NOTE | |
r-devel-linux-x86_64-fedora-clang | 0.3.2 | 105.73 | NOTE | |||
r-devel-linux-x86_64-fedora-gcc | 0.3.2 | 114.19 | NOTE | |||
r-devel-windows-x86_64 | 0.3.2 | 3.00 | 78.00 | 81.00 | NOTE | |
r-patched-linux-x86_64 | 0.3.2 | 2.87 | 87.31 | 90.18 | NOTE | |
r-release-linux-x86_64 | 0.3.2 | 1.69 | 85.24 | 86.93 | NOTE | |
r-release-macos-arm64 | 0.3.2 | 46.00 | NOTE | |||
r-release-macos-x86_64 | 0.3.2 | 72.00 | NOTE | |||
r-release-windows-x86_64 | 0.3.2 | 4.00 | 96.00 | 100.00 | NOTE | |
r-oldrel-macos-arm64 | 0.3.2 | 35.00 | OK | |||
r-oldrel-macos-x86_64 | 0.3.2 | 69.00 | OK | |||
r-oldrel-windows-x86_64 | 0.3.2 | 4.00 | 102.00 | 106.00 | OK |
Version: 0.3.2
Check: package subdirectories
Result: NOTE
Problems with news in ‘NEWS.md’:
Cannot extract version info from the following section titles:
Initial version.
Flavors: r-devel-linux-x86_64-debian-clang, r-devel-linux-x86_64-debian-gcc, r-devel-linux-x86_64-fedora-clang, r-devel-linux-x86_64-fedora-gcc, r-devel-windows-x86_64, r-patched-linux-x86_64, r-release-linux-x86_64, r-release-macos-arm64, r-release-macos-x86_64, r-release-windows-x86_64