CRAN Package Check Results for Package mcwr

Last updated on 2023-12-09 12:49:26 CET.

Flavor Version Tinstall Tcheck Ttotal Status Flags
r-devel-linux-x86_64-debian-clang 1.0.0 3.07 25.63 28.70 NOTE
r-devel-linux-x86_64-debian-gcc 1.0.0 2.25 19.98 22.23 NOTE
r-devel-linux-x86_64-fedora-clang 1.0.0 35.79 NOTE
r-devel-linux-x86_64-fedora-gcc 1.0.0 33.20 NOTE
r-devel-windows-x86_64 1.0.0 3.00 39.00 42.00 NOTE
r-patched-linux-x86_64 1.0.0 3.36 24.85 28.21 NOTE
r-release-linux-x86_64 1.0.0 2.71 24.72 27.43 NOTE
r-release-macos-arm64 1.0.0 18.00 NOTE
r-release-macos-x86_64 1.0.0 21.00 NOTE
r-release-windows-x86_64 1.0.0 5.00 39.00 44.00 NOTE
r-oldrel-macos-arm64 1.0.0 17.00 NOTE
r-oldrel-macos-x86_64 1.0.0 20.00 NOTE
r-oldrel-windows-x86_64 1.0.0 6.00 44.00 50.00 NOTE

Check Details

Version: 1.0.0
Check: LazyData
Result: NOTE 'LazyData' is specified without a 'data' directory Flavors: r-devel-linux-x86_64-debian-clang, r-devel-linux-x86_64-debian-gcc, r-devel-linux-x86_64-fedora-clang, r-devel-linux-x86_64-fedora-gcc, r-devel-windows-x86_64, r-patched-linux-x86_64, r-release-linux-x86_64, r-release-macos-arm64, r-release-macos-x86_64, r-release-windows-x86_64, r-oldrel-macos-arm64, r-oldrel-macos-x86_64, r-oldrel-windows-x86_64