Last updated on 2022-06-29 01:50:26 CEST.
Flavor | Version | Tinstall | Tcheck | Ttotal | Status | Flags |
---|---|---|---|---|---|---|
r-devel-linux-x86_64-debian-clang | 0.5-3 | 7.59 | 38.60 | 46.19 | NOTE | |
r-devel-linux-x86_64-debian-gcc | 0.5-3 | 7.10 | 30.01 | 37.11 | NOTE | |
r-devel-linux-x86_64-fedora-clang | 0.5-3 | 68.40 | NOTE | |||
r-devel-linux-x86_64-fedora-gcc | 0.5-3 | 66.81 | NOTE | |||
r-devel-windows-x86_64 | 0.5-3 | 30.00 | 75.00 | 105.00 | NOTE | |
r-patched-linux-x86_64 | 0.5-3 | 8.93 | 37.52 | 46.45 | OK | |
r-release-linux-x86_64 | 0.5-3 | 8.43 | 37.19 | 45.62 | OK | |
r-release-macos-arm64 | 0.5-3 | 37.00 | OK | |||
r-release-macos-x86_64 | 0.5-3 | 34.00 | OK | |||
r-release-windows-x86_64 | 0.5-3 | 37.00 | 72.00 | 109.00 | OK | |
r-oldrel-macos-arm64 | 0.5-3 | 34.00 | OK | |||
r-oldrel-macos-x86_64 | 0.5-3 | 34.00 | OK | |||
r-oldrel-windows-ix86+x86_64 | 0.5-3 | 28.00 | 67.00 | 95.00 | OK |
Version: 0.5-3
Check: Rd files
Result: NOTE
checkRd: (-1) glass.Rd:23: Escaped LaTeX specials: \_ \_ \_
checkRd: (-1) glass.Rd:24: Escaped LaTeX specials: \_ \_ \_ \_
checkRd: (-1) glass.Rd:25: Escaped LaTeX specials: \_ \_ \_
checkRd: (-1) glass.Rd:26: Escaped LaTeX specials: \_ \_ \_ \_
Flavors: r-devel-linux-x86_64-debian-clang, r-devel-linux-x86_64-debian-gcc, r-devel-linux-x86_64-fedora-clang, r-devel-linux-x86_64-fedora-gcc, r-devel-windows-x86_64