CRAN Package Check Results for Package mda

Last updated on 2022-12-01 02:50:31 CET.

Flavor Version Tinstall Tcheck Ttotal Status Flags
r-devel-linux-x86_64-debian-clang 0.5-3 9.63 40.81 50.44 NOTE
r-devel-linux-x86_64-debian-gcc 0.5-3 7.98 31.83 39.81 NOTE
r-devel-linux-x86_64-fedora-clang 0.5-3 72.65 NOTE
r-devel-linux-x86_64-fedora-gcc 0.5-3 70.60 NOTE
r-devel-windows-x86_64 0.5-3 37.00 74.00 111.00 NOTE
r-patched-linux-x86_64 0.5-3 8.77 38.45 47.22 OK
r-release-linux-x86_64 0.5-3 9.08 38.53 47.61 OK
r-release-macos-arm64 0.5-3 37.00 OK
r-release-macos-x86_64 0.5-3 34.00 OK
r-release-windows-x86_64 0.5-3 16.00 81.00 97.00 OK
r-oldrel-macos-arm64 0.5-3 34.00 OK
r-oldrel-macos-x86_64 0.5-3 34.00 OK
r-oldrel-windows-ix86+x86_64 0.5-3 30.00 73.00 103.00 OK

Check Details

Version: 0.5-3
Check: Rd files
Result: NOTE
    checkRd: (-1) glass.Rd:23: Escaped LaTeX specials: \_ \_ \_
    checkRd: (-1) glass.Rd:24: Escaped LaTeX specials: \_ \_ \_ \_
    checkRd: (-1) glass.Rd:25: Escaped LaTeX specials: \_ \_ \_
    checkRd: (-1) glass.Rd:26: Escaped LaTeX specials: \_ \_ \_ \_
Flavors: r-devel-linux-x86_64-debian-clang, r-devel-linux-x86_64-debian-gcc, r-devel-linux-x86_64-fedora-clang, r-devel-linux-x86_64-fedora-gcc, r-devel-windows-x86_64