CRAN Package Check Results for Package mdbr

Last updated on 2022-05-17 15:53:21 CEST.

Flavor Version Tinstall Tcheck Ttotal Status Flags
r-devel-linux-x86_64-debian-clang 0.1.2 4.41 49.79 54.20 NOTE
r-devel-linux-x86_64-debian-gcc 0.1.2 3.78 37.74 41.52 NOTE
r-devel-linux-x86_64-fedora-clang 0.1.2 65.02 NOTE
r-devel-linux-x86_64-fedora-gcc 0.1.2 61.75 NOTE
r-devel-windows-x86_64 0.1.2 12.00 65.00 77.00 NOTE
r-patched-linux-x86_64 0.1.2 4.95 46.62 51.57 NOTE
r-release-linux-x86_64 0.1.2 4.98 47.46 52.44 NOTE
r-release-macos-arm64 0.1.2 20.00 NOTE
r-release-macos-x86_64 0.1.2 43.00 NOTE
r-release-windows-x86_64 0.1.2 14.00 64.00 78.00 NOTE
r-oldrel-macos-arm64 0.1.2 21.00 NOTE
r-oldrel-macos-x86_64 0.1.2 29.00 NOTE
r-oldrel-windows-ix86+x86_64 0.1.2 11.00 59.00 70.00 NOTE

Check Details

Version: 0.1.2
Check: LazyData
Result: NOTE
     'LazyData' is specified without a 'data' directory
Flavors: r-devel-linux-x86_64-debian-clang, r-devel-linux-x86_64-debian-gcc, r-devel-linux-x86_64-fedora-clang, r-devel-linux-x86_64-fedora-gcc, r-devel-windows-x86_64, r-patched-linux-x86_64, r-release-linux-x86_64, r-release-macos-arm64, r-release-macos-x86_64, r-release-windows-x86_64, r-oldrel-macos-arm64, r-oldrel-macos-x86_64, r-oldrel-windows-ix86+x86_64