CRAN Package Check Results for Package mdendro

Last updated on 2019-03-26 11:54:37 CET.

Flavor Version Tinstall Tcheck Ttotal Status Flags
r-devel-linux-x86_64-debian-clang 1.0.1 2.50 31.23 33.73 OK
r-devel-linux-x86_64-debian-gcc 1.0.1 2.17 24.92 27.09 OK
r-devel-linux-x86_64-fedora-clang 1.0.1 44.09 OK
r-devel-linux-x86_64-fedora-gcc 1.0.1 39.91 OK
r-devel-windows-ix86+x86_64 1.0.1 11.00 45.00 56.00 OK
r-patched-linux-x86_64 1.0.1 1.62 31.16 32.78 OK
r-patched-solaris-x86 1.0.1 52.10 OK
r-release-linux-x86_64 1.0.1 1.34 30.32 31.66 OK
r-release-windows-ix86+x86_64 1.0.1 4.00 40.00 44.00 OK
r-release-osx-x86_64 1.0.1 OK
r-oldrel-osx-x86_64 1.0.1 ERROR

Check Details

Version: 1.0.1
Check: whether package can be installed
Result: ERROR
    Installation failed.
Flavor: r-oldrel-osx-x86_64