CRAN Package Check Results for Package mdendro

Last updated on 2019-01-17 03:50:47 CET.

Flavor Version Tinstall Tcheck Ttotal Status Flags
r-devel-linux-x86_64-debian-clang 1.0.1 1.49 31.98 33.47 OK
r-devel-linux-x86_64-debian-gcc 1.0.1 1.19 24.92 26.11 OK
r-devel-linux-x86_64-fedora-clang 1.0.1 39.82 OK
r-devel-linux-x86_64-fedora-gcc 1.0.1 37.25 OK
r-devel-windows-ix86+x86_64 1.0.1 4.00 43.00 47.00 OK
r-patched-linux-x86_64 1.0.1 1.61 30.14 31.75 OK
r-patched-solaris-x86 1.0.1 57.70 OK
r-release-linux-x86_64 1.0.1 1.54 30.40 31.94 OK
r-release-windows-ix86+x86_64 1.0.1 4.00 40.00 44.00 OK
r-release-osx-x86_64 1.0.1 OK
r-oldrel-osx-x86_64 1.0.1 ERROR

Check Details

Version: 1.0.1
Check: whether package can be installed
Result: ERROR
    Installation failed.
Flavor: r-oldrel-osx-x86_64