CRAN Package Check Results for Package mdpeer

Last updated on 2019-08-21 09:50:25 CEST.

Flavor Version Tinstall Tcheck Ttotal Status Flags
r-devel-linux-x86_64-debian-clang 1.0.1 4.10 54.52 58.62 OK
r-devel-linux-x86_64-debian-gcc 1.0.1 3.80 42.34 46.14 OK
r-devel-linux-x86_64-fedora-clang 1.0.1 73.49 NOTE
r-devel-linux-x86_64-fedora-gcc 1.0.1 67.37 NOTE
r-devel-windows-ix86+x86_64 1.0.1 15.00 95.00 110.00 OK
r-patched-linux-x86_64 1.0.1 4.74 52.24 56.98 OK
r-patched-solaris-x86 1.0.1 108.30 NOTE
r-release-linux-x86_64 1.0.1 4.31 52.16 56.47 OK
r-release-windows-ix86+x86_64 1.0.1 9.00 62.00 71.00 OK
r-release-osx-x86_64 1.0.1 NOTE
r-oldrel-windows-ix86+x86_64 1.0.1 9.00 104.00 113.00 OK
r-oldrel-osx-x86_64 1.0.1 NOTE

Check Details

Version: 1.0.1
Check: dependencies in R code
Result: NOTE
    Namespace in Imports field not imported from: ‘glmnet’
     All declared Imports should be used.
Flavors: r-devel-linux-x86_64-fedora-clang, r-devel-linux-x86_64-fedora-gcc, r-patched-solaris-x86, r-release-osx-x86_64, r-oldrel-osx-x86_64