CRAN Package Check Results for Package mdpeer

Last updated on 2019-12-15 18:50:11 CET.

Flavor Version Tinstall Tcheck Ttotal Status Flags
r-devel-linux-x86_64-debian-clang 1.0.1 5.11 57.83 62.94 OK
r-devel-linux-x86_64-debian-gcc 1.0.1 3.92 44.77 48.69 OK
r-devel-linux-x86_64-fedora-clang 1.0.1 74.63 NOTE
r-devel-linux-x86_64-fedora-gcc 1.0.1 71.26 NOTE
r-devel-windows-ix86+x86_64 1.0.1 13.00 95.00 108.00 OK
r-devel-windows-ix86+x86_64-gcc8 1.0.1 17.00 105.00 122.00 OK
r-patched-linux-x86_64 1.0.1 4.51 51.64 56.15 OK
r-patched-solaris-x86 1.0.1 114.80 NOTE
r-release-linux-x86_64 1.0.1 4.16 51.15 55.31 OK
r-release-windows-ix86+x86_64 1.0.1 11.00 74.00 85.00 OK
r-release-osx-x86_64 1.0.1 NOTE
r-oldrel-windows-ix86+x86_64 1.0.1 8.00 61.00 69.00 OK
r-oldrel-osx-x86_64 1.0.1 NOTE

Check Details

Version: 1.0.1
Check: dependencies in R code
Result: NOTE
    Namespace in Imports field not imported from: ‘glmnet’
     All declared Imports should be used.
Flavors: r-devel-linux-x86_64-fedora-clang, r-devel-linux-x86_64-fedora-gcc, r-patched-solaris-x86, r-release-osx-x86_64, r-oldrel-osx-x86_64