Last updated on 2025-01-26 15:49:13 CET.
Flavor | Version | Tinstall | Tcheck | Ttotal | Status | Flags |
---|---|---|---|---|---|---|
r-devel-linux-x86_64-debian-clang | 1.0.1 | 5.83 | 62.31 | 68.14 | OK | |
r-devel-linux-x86_64-debian-gcc | 1.0.1 | 4.26 | 46.81 | 51.07 | OK | |
r-devel-linux-x86_64-fedora-clang | 1.0.1 | 110.03 | NOTE | |||
r-devel-linux-x86_64-fedora-gcc | 1.0.1 | 117.88 | NOTE | |||
r-devel-windows-x86_64 | 1.0.1 | 9.00 | 79.00 | 88.00 | OK | |
r-patched-linux-x86_64 | 1.0.1 | 5.35 | 57.55 | 62.90 | NOTE | |
r-release-linux-x86_64 | 1.0.1 | 4.62 | 57.48 | 62.10 | NOTE | |
r-release-macos-arm64 | 1.0.1 | 43.00 | NOTE | |||
r-release-macos-x86_64 | 1.0.1 | 77.00 | NOTE | |||
r-release-windows-x86_64 | 1.0.1 | 8.00 | 81.00 | 89.00 | NOTE | |
r-oldrel-macos-arm64 | 1.0.1 | 39.00 | NOTE | |||
r-oldrel-macos-x86_64 | 1.0.1 | 60.00 | NOTE | |||
r-oldrel-windows-x86_64 | 1.0.1 | 7.00 | 90.00 | 97.00 | NOTE |
Version: 1.0.1
Check: dependencies in R code
Result: NOTE
Namespace in Imports field not imported from: ‘glmnet’
All declared Imports should be used.
Flavors: r-devel-linux-x86_64-fedora-clang, r-devel-linux-x86_64-fedora-gcc
Version: 1.0.1
Check: LazyData
Result: NOTE
'LazyData' is specified without a 'data' directory
Flavors: r-patched-linux-x86_64, r-release-linux-x86_64, r-release-macos-arm64, r-release-macos-x86_64, r-release-windows-x86_64, r-oldrel-macos-arm64, r-oldrel-macos-x86_64, r-oldrel-windows-x86_64