CRAN Package Check Results for Package mdsOpt

Last updated on 2019-08-20 22:47:20 CEST.

Flavor Version Tinstall Tcheck Ttotal Status Flags
r-devel-linux-x86_64-debian-clang 0.4-1 13.59 146.15 159.74 NOTE
r-devel-linux-x86_64-debian-gcc 0.4-1 12.60 112.73 125.33 NOTE
r-devel-linux-x86_64-fedora-clang 0.4-1 201.42 NOTE
r-devel-linux-x86_64-fedora-gcc 0.4-1 192.99 NOTE
r-devel-windows-ix86+x86_64 0.4-1 65.00 260.00 325.00 OK
r-patched-linux-x86_64 0.4-1 14.51 140.61 155.12 OK
r-patched-solaris-x86 0.4-1 347.80 OK
r-release-linux-x86_64 0.4-1 12.93 141.50 154.43 OK
r-release-windows-ix86+x86_64 0.4-1 54.00 155.00 209.00 OK
r-release-osx-x86_64 0.4-1 OK
r-oldrel-windows-ix86+x86_64 0.4-1 11.00 5.00 16.00 ERROR
r-oldrel-osx-x86_64 0.4-1 ERROR

Check Details

Version: 0.4-1
Check: for non-standard things in the check directory
Result: NOTE
    Found the following files/directories:
     'conf_2d.csv'
Flavors: r-devel-linux-x86_64-debian-clang, r-devel-linux-x86_64-debian-gcc, r-devel-linux-x86_64-fedora-clang, r-devel-linux-x86_64-fedora-gcc

Version: 0.4-1
Check: whether package can be installed
Result: ERROR
    Installation failed.
Flavors: r-oldrel-windows-ix86+x86_64, r-oldrel-osx-x86_64