CRAN Package Check Results for Package mdsOpt

Last updated on 2019-05-24 00:48:28 CEST.

Flavor Version Tinstall Tcheck Ttotal Status Flags
r-devel-linux-x86_64-debian-clang 0.3-3 25.22 240.59 265.81 NOTE
r-devel-linux-x86_64-debian-gcc 0.3-3 20.87 190.88 211.75 NOTE
r-devel-linux-x86_64-fedora-clang 0.3-3 339.35 NOTE
r-devel-linux-x86_64-fedora-gcc 0.3-3 338.20 NOTE
r-devel-windows-ix86+x86_64 0.3-3 65.00 286.00 351.00 NOTE
r-patched-linux-x86_64 0.3-3 26.84 239.90 266.74 NOTE
r-patched-solaris-x86 0.3-3 525.00 NOTE
r-release-linux-x86_64 0.3-3 26.71 238.48 265.19 NOTE
r-release-windows-ix86+x86_64 0.3-3 142.00 261.00 403.00 NOTE
r-release-osx-x86_64 0.3-3 ERROR
r-oldrel-windows-ix86+x86_64 0.3-3 39.00 218.00 257.00 OK
r-oldrel-osx-x86_64 0.3-3 OK

Check Details

Version: 0.3-3
Check: R code for possible problems
Result: NOTE
    optSmacofSymInterval: no visible global function definition for
     'dist.SDA'
    Undefined global functions or variables:
     dist.SDA
Flavors: r-devel-linux-x86_64-debian-clang, r-devel-linux-x86_64-debian-gcc, r-devel-linux-x86_64-fedora-clang, r-devel-linux-x86_64-fedora-gcc, r-devel-windows-ix86+x86_64, r-patched-linux-x86_64, r-patched-solaris-x86, r-release-linux-x86_64, r-release-windows-ix86+x86_64

Version: 0.3-3
Check: package dependencies
Result: ERROR
    Packages required but not available: 'clusterSim', 'symbolicDA'
    
    See section ‘The DESCRIPTION file’ in the ‘Writing R Extensions’
    manual.
Flavor: r-release-osx-x86_64