CRAN Package Check Results for Package mdsOpt

Last updated on 2020-07-15 10:50:37 CEST.

Flavor Version Tinstall Tcheck Ttotal Status Flags
r-devel-linux-x86_64-debian-clang 0.4-3 29.31 239.73 269.04 OK
r-devel-linux-x86_64-debian-gcc 0.4-3 24.85 182.77 207.62 OK
r-devel-linux-x86_64-fedora-clang 0.4-3 318.58 OK
r-devel-linux-x86_64-fedora-gcc 0.4-3 360.09 OK
r-devel-windows-ix86+x86_64 0.4-3 121.00 408.00 529.00 OK
r-patched-linux-x86_64 0.4-3 20.82 231.55 252.37 OK
r-patched-solaris-x86 0.4-3 483.30 OK
r-release-linux-x86_64 0.4-3 24.79 234.90 259.69 OK
r-release-macos-x86_64 0.4-3 ERROR
r-release-windows-ix86+x86_64 0.4-3 93.00 374.00 467.00 OK
r-oldrel-macos-x86_64 0.4-3 WARN
r-oldrel-windows-ix86+x86_64 0.4-3 93.00 341.00 434.00 OK

Check Details

Version: 0.4-3
Check: whether package can be installed
Result: ERROR
    Installation failed.
Flavor: r-release-macos-x86_64

Version: 0.4-3
Check: whether package can be installed
Result: WARN
    Found the following significant warnings:
     Warning: 'rgl_init' failed, running with rgl.useNULL = TRUE
Flavor: r-oldrel-macos-x86_64

Version: 0.4-3
Check: dependencies in R code
Result: NOTE
    No protocol specified
Flavor: r-oldrel-macos-x86_64

Version: 0.4-3
Check: S3 generic/method consistency
Result: WARN
    No protocol specified
    See section ‘Generic functions and methods’ in the ‘Writing R
    Extensions’ manual.
Flavor: r-oldrel-macos-x86_64

Version: 0.4-3
Check: replacement functions
Result: WARN
    No protocol specified
    The argument of a replacement function which corresponds to the right
    hand side must be named ‘value’.
Flavor: r-oldrel-macos-x86_64

Version: 0.4-3
Check: foreign function calls
Result: NOTE
    No protocol specified
    See chapter ‘System and foreign language interfaces’ in the ‘Writing R
    Extensions’ manual.
Flavor: r-oldrel-macos-x86_64

Version: 0.4-3
Check: R code for possible problems
Result: NOTE
    No protocol specified
Flavor: r-oldrel-macos-x86_64

Version: 0.4-3
Check: for missing documentation entries
Result: WARN
    No protocol specified
    All user-level objects in a package should have documentation entries.
    See chapter ‘Writing R documentation files’ in the ‘Writing R
    Extensions’ manual.
Flavor: r-oldrel-macos-x86_64

Version: 0.4-3
Check: for code/documentation mismatches
Result: WARN
    No protocol specified
    No protocol specified
    No protocol specified
Flavor: r-oldrel-macos-x86_64

Version: 0.4-3
Check: Rd \usage sections
Result: NOTE
    No protocol specified
    The \usage entries for S3 methods should use the \method markup and not
    their full name.
    See chapter ‘Writing R documentation files’ in the ‘Writing R
    Extensions’ manual.
Flavor: r-oldrel-macos-x86_64