CRAN Package Check Results for Package measurements

Last updated on 2019-03-21 08:49:10 CET.

Flavor Version Tinstall Tcheck Ttotal Status Flags
r-devel-linux-x86_64-debian-clang 1.3.0 1.92 16.88 18.80 WARN
r-devel-linux-x86_64-debian-gcc 1.3.0 1.60 13.68 15.28 OK
r-devel-linux-x86_64-fedora-clang 1.3.0 23.85 OK
r-devel-linux-x86_64-fedora-gcc 1.3.0 21.49 OK
r-devel-windows-ix86+x86_64 1.3.0 6.00 38.00 44.00 OK
r-patched-linux-x86_64 1.3.0 1.18 16.01 17.19 OK
r-patched-solaris-x86 1.3.0 31.60 OK
r-release-linux-x86_64 1.3.0 1.05 15.88 16.93 OK
r-release-windows-ix86+x86_64 1.3.0 2.00 24.00 26.00 OK
r-release-osx-x86_64 1.3.0 OK
r-oldrel-windows-ix86+x86_64 1.3.0 3.00 23.00 26.00 OK
r-oldrel-osx-x86_64 1.3.0 OK

Check Details

Version: 1.3.0
Check: whether package can be installed
Result: WARN
    Found the following significant warnings:
     Warning: unable to re-encode 'conv_unit.R' line 243
     Warning: unable to re-encode 'measurements.R' line 21
Flavor: r-devel-linux-x86_64-debian-clang