CRAN Package Check Results for Package measurements

Last updated on 2021-04-18 19:51:05 CEST.

Flavor Version Tinstall Tcheck Ttotal Status Flags
r-devel-linux-x86_64-debian-clang 1.4.0 2.29 20.36 22.65 OK
r-devel-linux-x86_64-debian-gcc 1.4.0 1.67 16.47 18.14 OK
r-devel-linux-x86_64-fedora-clang 1.4.0 37.57 OK
r-devel-linux-x86_64-fedora-gcc 1.4.0 27.41 OK
r-devel-windows-ix86+x86_64 1.4.0 5.00 1.00 6.00 OK
r-devel-windows-x86_64-gcc10-UCRT 1.4.0 OK
r-patched-linux-x86_64 1.4.0 1.83 20.03 21.86 OK
r-patched-solaris-x86 1.4.0 42.60 OK
r-release-linux-x86_64 1.4.0 1.75 19.88 21.63 OK
r-release-macos-x86_64 1.4.0 OK
r-release-windows-ix86+x86_64 1.4.0 6.00 23.00 29.00 OK
r-oldrel-macos-x86_64 1.4.0 OK
r-oldrel-windows-ix86+x86_64 1.4.0 7.00 35.00 42.00 OK

Check Details

Version: 1.4.0
Check: whether package can be installed
Result: FAIL
Flavor: r-devel-windows-ix86+x86_64