CRAN Package Check Results for Package measures

Last updated on 2024-03-05 14:49:29 CET.

Flavor Version Tinstall Tcheck Ttotal Status Flags
r-devel-linux-x86_64-debian-clang 0.3 3.23 29.46 32.69 NOTE
r-devel-linux-x86_64-debian-gcc 0.3 2.49 22.90 25.39 NOTE
r-devel-linux-x86_64-fedora-clang 0.3 40.65 NOTE
r-devel-linux-x86_64-fedora-gcc 0.3 38.87 NOTE
r-devel-windows-x86_64 0.3 4.00 53.00 57.00 NOTE
r-patched-linux-x86_64 0.3 4.33 29.56 33.89 NOTE
r-release-linux-x86_64 0.3 2.66 29.74 32.40 NOTE
r-release-macos-arm64 0.3 19.00 NOTE
r-release-macos-x86_64 0.3 24.00 NOTE
r-release-windows-x86_64 0.3 6.00 55.00 61.00 NOTE
r-oldrel-macos-arm64 0.3 19.00 NOTE
r-oldrel-windows-x86_64 0.3 5.00 52.00 57.00 NOTE

Check Details

Version: 0.3
Check: LazyData
Result: NOTE 'LazyData' is specified without a 'data' directory Flavors: r-devel-linux-x86_64-debian-clang, r-devel-linux-x86_64-debian-gcc, r-devel-linux-x86_64-fedora-clang, r-devel-linux-x86_64-fedora-gcc, r-devel-windows-x86_64, r-patched-linux-x86_64, r-release-linux-x86_64, r-release-macos-arm64, r-release-macos-x86_64, r-release-windows-x86_64, r-oldrel-macos-arm64, r-oldrel-windows-x86_64