Last updated on 2023-12-09 02:48:40 CET.
Flavor | Version | Tinstall | Tcheck | Ttotal | Status | Flags |
---|---|---|---|---|---|---|
r-devel-linux-x86_64-debian-clang | 0.4.1 | 23.70 | 129.53 | 153.23 | OK | |
r-devel-linux-x86_64-debian-gcc | 0.4.1 | 17.70 | 95.80 | 113.50 | OK | |
r-devel-linux-x86_64-fedora-clang | 0.4.1 | 187.88 | OK | |||
r-devel-linux-x86_64-fedora-gcc | 0.4.1 | 177.53 | OK | |||
r-devel-windows-x86_64 | 0.4.1 | 21.00 | 108.00 | 129.00 | OK | |
r-patched-linux-x86_64 | 0.4.1 | 29.18 | 122.76 | 151.94 | OK | |
r-release-linux-x86_64 | 0.4.1 | 16.03 | 122.03 | 138.06 | OK | |
r-release-macos-arm64 | 0.4.1 | 48.00 | NOTE | |||
r-release-macos-x86_64 | 0.4.1 | 98.00 | NOTE | |||
r-release-windows-x86_64 | 0.4.1 | 29.00 | 129.00 | 158.00 | OK | |
r-oldrel-macos-arm64 | 0.4.1 | 51.00 | OK | |||
r-oldrel-macos-x86_64 | 0.3.0 | 84.00 | OK | |||
r-oldrel-windows-x86_64 | 0.4.1 | 28.00 | 130.00 | 158.00 | OK |
Version: 0.4.1
Check: package dependencies
Result: NOTE
Package suggested but not available for checking: ‘file2meco’
Flavors: r-release-macos-arm64, r-release-macos-x86_64