CRAN Package Check Results for Package mederrRank

Last updated on 2024-02-21 18:51:09 CET.

Flavor Version Tinstall Tcheck Ttotal Status Flags
r-devel-linux-x86_64-debian-clang 0.1.0 NOTE
r-devel-linux-x86_64-debian-gcc 0.1.0 3.37 31.72 35.09 NOTE
r-devel-linux-x86_64-fedora-clang 0.1.0 57.68 OK
r-devel-linux-x86_64-fedora-gcc 0.1.0 54.99 OK
r-devel-windows-x86_64 0.1.0 6.00 57.00 63.00 OK
r-patched-linux-x86_64 0.1.0 6.70 41.38 48.08 OK
r-release-linux-x86_64 0.1.0 5.31 40.76 46.07 OK
r-release-macos-arm64 0.1.0 24.00 OK
r-release-macos-x86_64 0.1.0 37.00 OK
r-release-windows-x86_64 0.1.0 5.00 62.00 67.00 OK
r-oldrel-macos-arm64 0.1.0 27.00 OK
r-oldrel-windows-x86_64 0.1.0 8.00 65.00 73.00 OK

Check Details

Version: 0.1.0
Check: Rd files
Result: NOTE checkRd: (-1) bhm.mcmc.Rd:37: Lost braces; missing escapes or markup? 37 | where \eqn{N_{ij}} denotes the number of times that the error profile \eqn{i} is cited on a report from hospital {j} and \eqn{y_{ij}} is the corresponding number of times that profile \eqn{i} in hospital \eqn{j} was reported with harm. | ^ Flavors: r-devel-linux-x86_64-debian-clang, r-devel-linux-x86_64-debian-gcc