CRAN Package Check Results for Package meerva

Last updated on 2022-06-30 15:51:45 CEST.

Flavor Version Tinstall Tcheck Ttotal Status Flags
r-devel-linux-x86_64-debian-clang 0.2-2 4.38 50.69 55.07 OK
r-devel-linux-x86_64-debian-gcc 0.2-2 4.16 37.83 41.99 OK
r-devel-linux-x86_64-fedora-clang 0.2-2 77.29 NOTE
r-devel-linux-x86_64-fedora-gcc 0.2-2 75.88 NOTE
r-devel-windows-x86_64 0.2-2 19.00 76.00 95.00 OK
r-patched-linux-x86_64 0.2-2 3.76 48.09 51.85 OK
r-release-linux-x86_64 0.2-2 4.58 47.75 52.33 OK
r-release-macos-arm64 0.2-2 25.00 NOTE
r-release-macos-x86_64 0.2-2 41.00 NOTE
r-release-windows-x86_64 0.2-2 22.00 71.00 93.00 OK
r-oldrel-macos-arm64 0.2-2 23.00 NOTE
r-oldrel-macos-x86_64 0.2-2 35.00 NOTE
r-oldrel-windows-ix86+x86_64 0.2-2 11.00 67.00 78.00 OK

Check Details

Version: 0.2-2
Check: dependencies in R code
Result: NOTE
    Namespace in Imports field not imported from: ‘dplyr’
     All declared Imports should be used.
Flavors: r-devel-linux-x86_64-fedora-clang, r-devel-linux-x86_64-fedora-gcc, r-release-macos-arm64, r-release-macos-x86_64, r-oldrel-macos-arm64, r-oldrel-macos-x86_64