CRAN Package Check Results for Package meetupapi

Last updated on 2024-06-19 02:48:35 CEST.

Flavor Version Tinstall Tcheck Ttotal Status Flags
r-devel-linux-x86_64-debian-clang 0.1.0 3.95 38.01 41.96 NOTE
r-devel-linux-x86_64-debian-gcc 0.1.0 3.59 29.54 33.13 NOTE
r-devel-linux-x86_64-fedora-clang 0.1.0 56.17 NOTE
r-devel-linux-x86_64-fedora-gcc 0.1.0 51.56 NOTE
r-devel-windows-x86_64 0.1.0 5.00 51.00 56.00 NOTE
r-patched-linux-x86_64 0.1.0 4.74 38.19 42.93 NOTE
r-release-linux-x86_64 0.1.0 4.25 37.48 41.73 NOTE
r-release-macos-arm64 0.1.0 20.00 NOTE
r-release-macos-x86_64 0.1.0 29.00 NOTE
r-release-windows-x86_64 0.1.0 6.00 51.00 57.00 NOTE
r-oldrel-macos-arm64 0.1.0 23.00 NOTE
r-oldrel-macos-x86_64 0.1.0 28.00 NOTE
r-oldrel-windows-x86_64 0.1.0 7.00 55.00 62.00 NOTE

Check Details

Version: 0.1.0
Check: LazyData
Result: NOTE 'LazyData' is specified without a 'data' directory Flavors: r-devel-linux-x86_64-debian-clang, r-devel-linux-x86_64-debian-gcc, r-devel-linux-x86_64-fedora-clang, r-devel-linux-x86_64-fedora-gcc, r-devel-windows-x86_64, r-patched-linux-x86_64, r-release-linux-x86_64, r-release-macos-arm64, r-release-macos-x86_64, r-release-windows-x86_64, r-oldrel-macos-arm64, r-oldrel-macos-x86_64, r-oldrel-windows-x86_64