CRAN Package Check Results for Package meetupapi

Last updated on 2023-02-06 23:55:50 CET.

Flavor Version Tinstall Tcheck Ttotal Status Flags
r-devel-linux-x86_64-debian-clang 0.1.0 3.88 38.84 42.72 NOTE
r-devel-linux-x86_64-debian-gcc 0.1.0 3.99 29.06 33.05 NOTE
r-devel-linux-x86_64-fedora-clang 0.1.0 59.65 NOTE
r-devel-linux-x86_64-fedora-gcc 0.1.0 51.13 NOTE
r-devel-windows-x86_64 0.1.0 12.00 68.00 80.00 NOTE
r-patched-linux-x86_64 0.1.0 3.71 37.80 41.51 NOTE
r-release-linux-x86_64 0.1.0 4.03 38.05 42.08 NOTE
r-release-macos-arm64 0.1.0 19.00 NOTE
r-release-macos-x86_64 0.1.0 38.00 NOTE
r-release-windows-x86_64 0.1.0 15.00 76.00 91.00 NOTE
r-oldrel-macos-arm64 0.1.0 23.00 NOTE
r-oldrel-macos-x86_64 0.1.0 36.00 NOTE
r-oldrel-windows-ix86+x86_64 0.1.0 11.00 63.00 74.00 NOTE

Check Details

Version: 0.1.0
Check: LazyData
Result: NOTE
     'LazyData' is specified without a 'data' directory
Flavors: r-devel-linux-x86_64-debian-clang, r-devel-linux-x86_64-debian-gcc, r-devel-linux-x86_64-fedora-clang, r-devel-linux-x86_64-fedora-gcc, r-devel-windows-x86_64, r-patched-linux-x86_64, r-release-linux-x86_64, r-release-macos-arm64, r-release-macos-x86_64, r-release-windows-x86_64, r-oldrel-macos-arm64, r-oldrel-macos-x86_64, r-oldrel-windows-ix86+x86_64