CRAN Package Check Results for Package mefa

Last updated on 2021-05-17 20:48:29 CEST.

Flavor Version Tinstall Tcheck Ttotal Status Flags
r-devel-linux-x86_64-debian-clang 3.2-7 4.59 61.21 65.80 OK
r-devel-linux-x86_64-debian-gcc 3.2-7 3.86 48.11 51.97 OK
r-devel-linux-x86_64-fedora-clang 3.2-7 89.28 NOTE
r-devel-linux-x86_64-fedora-gcc 3.2-7 77.23 OK
r-devel-windows-ix86+x86_64 3.2-7 9.00 62.00 71.00 OK
r-devel-windows-x86_64-gcc10-UCRT 3.2-7 OK
r-patched-linux-x86_64 3.2-7 5.02 60.72 65.74 OK
r-patched-solaris-x86 3.2-7 105.60 OK
r-release-linux-x86_64 3.2-7 4.52 59.72 64.24 OK
r-release-macos-x86_64 3.2-7 OK
r-release-windows-ix86+x86_64 3.2-7 7.00 62.00 69.00 OK
r-oldrel-macos-x86_64 3.2-7 OK
r-oldrel-windows-ix86+x86_64 3.2-7 5.00 81.00 86.00 OK

Check Details

Version: 3.2-7
Check: Rd cross-references
Result: NOTE
    Undeclared packages ‘reshape’, ‘simba’, ‘labdsv’, ‘Hmisc’, ‘untb’ in Rd xrefs
Flavor: r-devel-linux-x86_64-fedora-clang