CRAN Package Check Results for Package mekko

Last updated on 2024-05-25 06:57:01 CEST.

Flavor Version Tinstall Tcheck Ttotal Status Flags
r-devel-linux-x86_64-debian-clang 0.1.0 1.82 35.34 37.16 NOTE
r-devel-linux-x86_64-debian-gcc 0.1.0 1.52 26.91 28.43 NOTE
r-devel-linux-x86_64-fedora-clang 0.1.0 49.81 NOTE
r-devel-linux-x86_64-fedora-gcc 0.1.0 60.01 NOTE
r-devel-windows-x86_64 0.1.0 3.00 52.00 55.00 NOTE
r-patched-linux-x86_64 0.1.0 1.72 34.17 35.89 NOTE
r-release-linux-x86_64 0.1.0 2.16 34.07 36.23 NOTE
r-release-macos-arm64 0.1.0 25.00 NOTE
r-release-windows-x86_64 0.1.0 3.00 53.00 56.00 NOTE
r-oldrel-macos-arm64 0.1.0 25.00 NOTE
r-oldrel-macos-x86_64 0.1.0 35.00 NOTE
r-oldrel-windows-x86_64 0.1.0 4.00 53.00 57.00 NOTE

Check Details

Version: 0.1.0
Check: LazyData
Result: NOTE 'LazyData' is specified without a 'data' directory Flavors: r-devel-linux-x86_64-debian-clang, r-devel-linux-x86_64-debian-gcc, r-devel-linux-x86_64-fedora-clang, r-devel-linux-x86_64-fedora-gcc, r-devel-windows-x86_64, r-patched-linux-x86_64, r-release-linux-x86_64, r-release-macos-arm64, r-release-windows-x86_64, r-oldrel-macos-arm64, r-oldrel-macos-x86_64, r-oldrel-windows-x86_64