CRAN Package Check Results for Package melt

Last updated on 2022-01-26 08:51:22 CET.

Flavor Version Tinstall Tcheck Ttotal Status Flags
r-devel-linux-x86_64-debian-clang 1.1.0 137.24 43.81 181.05 OK
r-devel-linux-x86_64-debian-gcc 1.1.0 99.44 36.69 136.13 OK
r-devel-linux-x86_64-fedora-clang 1.1.0 275.77 NOTE
r-devel-linux-x86_64-fedora-gcc 1.1.0 236.32 OK
r-devel-windows-x86_64-new-UL 1.1.0 109.00 96.00 205.00 OK
r-devel-windows-x86_64-new-TK 1.1.0 OK
r-patched-linux-x86_64 1.1.0 115.14 45.53 160.67 OK
r-release-linux-x86_64 1.1.0 119.85 45.40 165.25 OK
r-release-macos-arm64 1.1.0 NOTE
r-release-macos-x86_64 1.1.0 NOTE
r-release-windows-ix86+x86_64 1.1.0 314.00 95.00 409.00 OK
r-oldrel-macos-x86_64 1.1.0 NOTE
r-oldrel-windows-ix86+x86_64 1.1.0 314.00 93.00 407.00 OK

Check Details

Version: 1.1.0
Check: installed package size
Result: NOTE
     installed size is 25.6Mb
     sub-directories of 1Mb or more:
     libs 25.5Mb
Flavors: r-devel-linux-x86_64-fedora-clang, r-release-macos-arm64, r-release-macos-x86_64, r-oldrel-macos-x86_64