CRAN Package Check Results for Package meltr

Last updated on 2021-10-27 17:52:53 CEST.

Flavor Version Tinstall Tcheck Ttotal Status Flags
r-devel-linux-x86_64-debian-clang 1.0.0 37.90 52.61 90.51 OK
r-devel-linux-x86_64-debian-gcc 1.0.0 31.72 35.41 67.13 OK
r-devel-linux-x86_64-fedora-clang 1.0.0 141.31 NOTE
r-devel-linux-x86_64-fedora-gcc 1.0.0 114.22 NOTE
r-devel-windows-x86_64 1.0.0 66.00 56.00 122.00 OK
r-devel-windows-x86_64-gcc10-UCRT 1.0.0 NOTE
r-patched-linux-x86_64 1.0.0 40.38 43.94 84.32 OK
r-patched-solaris-x86 1.0.0 140.00 NOTE
r-release-linux-x86_64 1.0.0 40.08 43.97 84.05 OK
r-release-macos-arm64 1.0.0 NOTE
r-release-macos-x86_64 1.0.0 NOTE
r-release-windows-ix86+x86_64 1.0.0 89.00 110.00 199.00 OK
r-oldrel-macos-x86_64 1.0.0 NOTE
r-oldrel-windows-ix86+x86_64 1.0.0 85.00 96.00 181.00 OK

Check Details

Version: 1.0.0
Check: dependencies in R code
Result: NOTE
    Namespaces in Imports field not imported from:
     ‘R6’ ‘rlang’
     All declared Imports should be used.
Flavors: r-devel-linux-x86_64-fedora-clang, r-devel-linux-x86_64-fedora-gcc, r-devel-windows-x86_64-gcc10-UCRT, r-patched-solaris-x86, r-release-macos-arm64, r-release-macos-x86_64, r-oldrel-macos-x86_64