CRAN Package Check Results for Package memery

Last updated on 2022-05-19 03:56:01 CEST.

Flavor Version Tinstall Tcheck Ttotal Status Flags
r-devel-linux-x86_64-debian-clang 0.5.6 2.91 40.05 42.96 NOTE
r-devel-linux-x86_64-debian-gcc 0.5.6 2.51 30.77 33.28 NOTE
r-devel-linux-x86_64-fedora-clang 0.5.6 52.28 NOTE
r-devel-linux-x86_64-fedora-gcc 0.5.6 50.19 NOTE
r-devel-windows-x86_64 0.5.6 14.00 58.00 72.00 NOTE
r-patched-linux-x86_64 0.5.6 2.92 38.46 41.38 NOTE
r-release-linux-x86_64 0.5.6 2.04 38.22 40.26 NOTE
r-release-macos-arm64 0.5.6 18.00 NOTE
r-release-macos-x86_64 0.5.6 30.00 NOTE
r-release-windows-x86_64 0.5.6 15.00 57.00 72.00 NOTE
r-oldrel-macos-arm64 0.5.6 21.00 NOTE
r-oldrel-macos-x86_64 0.5.6 36.00 NOTE
r-oldrel-windows-ix86+x86_64 0.5.6 9.00 47.00 56.00 NOTE

Check Details

Version: 0.5.6
Check: LazyData
Result: NOTE
     'LazyData' is specified without a 'data' directory
Flavors: r-devel-linux-x86_64-debian-clang, r-devel-linux-x86_64-debian-gcc, r-devel-linux-x86_64-fedora-clang, r-devel-linux-x86_64-fedora-gcc, r-devel-windows-x86_64, r-patched-linux-x86_64, r-release-linux-x86_64, r-release-macos-arm64, r-release-macos-x86_64, r-release-windows-x86_64, r-oldrel-macos-arm64, r-oldrel-macos-x86_64, r-oldrel-windows-ix86+x86_64

Version: 0.5.6
Check: dependencies in R code
Result: NOTE
    Namespaces in Imports field not imported from:
     ‘colourpicker’ ‘shinyBS’ ‘shinycssloaders’
     All declared Imports should be used.
Flavors: r-devel-linux-x86_64-fedora-clang, r-devel-linux-x86_64-fedora-gcc, r-release-macos-arm64, r-release-macos-x86_64, r-oldrel-macos-arm64, r-oldrel-macos-x86_64