CRAN Package Check Results for Package memnet

Last updated on 2019-05-24 16:47:42 CEST.

Flavor Version Tinstall Tcheck Ttotal Status Flags
r-devel-linux-x86_64-debian-clang 0.1.0 53.56 39.88 93.44 OK
r-devel-linux-x86_64-debian-gcc 0.1.0 43.45 31.48 74.93 OK
r-devel-linux-x86_64-fedora-clang 0.1.0 134.57 NOTE
r-devel-linux-x86_64-fedora-gcc 0.1.0 123.73 OK
r-devel-windows-ix86+x86_64 0.1.0 104.00 82.00 186.00 OK
r-patched-linux-x86_64 0.1.0 51.66 39.35 91.01 OK
r-patched-solaris-x86 0.1.0 135.50 OK
r-release-linux-x86_64 0.1.0 48.69 39.48 88.17 OK
r-release-windows-ix86+x86_64 0.1.0 136.00 98.00 234.00 OK
r-release-osx-x86_64 0.1.0 NOTE
r-oldrel-windows-ix86+x86_64 0.1.0 130.00 76.00 206.00 OK
r-oldrel-osx-x86_64 0.1.0 OK

Check Details

Version: 0.1.0
Check: installed package size
Result: NOTE
     installed size is 5.2Mb
     sub-directories of 1Mb or more:
     doc 1.6Mb
     libs 3.3Mb
Flavors: r-devel-linux-x86_64-fedora-clang, r-release-osx-x86_64