CRAN Package Check Results for Package memnet

Last updated on 2019-08-20 22:47:20 CEST.

Flavor Version Tinstall Tcheck Ttotal Status Flags
r-devel-linux-x86_64-debian-clang 0.1.0 54.42 39.18 93.60 NOTE
r-devel-linux-x86_64-debian-gcc 0.1.0 44.13 31.08 75.21 NOTE
r-devel-linux-x86_64-fedora-clang 0.1.0 140.07 NOTE
r-devel-linux-x86_64-fedora-gcc 0.1.0 132.38 OK
r-devel-windows-ix86+x86_64 0.1.0 150.00 103.00 253.00 NOTE
r-patched-linux-x86_64 0.1.0 47.76 39.23 86.99 OK
r-patched-solaris-x86 0.1.0 142.60 OK
r-release-linux-x86_64 0.1.0 48.68 39.14 87.82 OK
r-release-windows-ix86+x86_64 0.1.0 92.00 76.00 168.00 OK
r-release-osx-x86_64 0.1.0 NOTE
r-oldrel-windows-ix86+x86_64 0.1.0 133.00 97.00 230.00 OK
r-oldrel-osx-x86_64 0.1.0 OK

Check Details

Version: 0.1.0
Check: package vignettes
Result: NOTE
    Package vignette with placeholder title 'Vignette Title':
     'memnet.Rmd'
Flavors: r-devel-linux-x86_64-debian-clang, r-devel-linux-x86_64-debian-gcc, r-devel-windows-ix86+x86_64

Version: 0.1.0
Check: installed package size
Result: NOTE
     installed size is 5.7Mb
     sub-directories of 1Mb or more:
     doc 1.6Mb
     libs 3.8Mb
Flavors: r-devel-linux-x86_64-fedora-clang, r-release-osx-x86_64