CRAN Package Check Results for Package memochange

Last updated on 2020-04-03 21:47:27 CEST.

Flavor Version Tinstall Tcheck Ttotal Status Flags
r-devel-linux-x86_64-debian-clang 1.1.0 5.29 126.95 132.24 OK
r-devel-linux-x86_64-debian-gcc 1.1.0 4.27 92.78 97.05 OK
r-devel-linux-x86_64-fedora-clang 1.1.0 160.32 NOTE
r-devel-linux-x86_64-fedora-gcc 1.1.0 161.97 NOTE
r-devel-windows-ix86+x86_64 1.1.0 15.00 118.00 133.00 OK
r-devel-windows-ix86+x86_64-gcc8 1.1.0 10.00 124.00 134.00 OK
r-patched-linux-x86_64 1.1.0 4.55 124.40 128.95 OK
r-patched-solaris-x86 1.1.0 209.60 NOTE
r-release-linux-x86_64 1.1.0 4.98 117.64 122.62 OK
r-release-windows-ix86+x86_64 1.1.0 8.00 142.00 150.00 OK
r-release-osx-x86_64 1.1.0 NOTE
r-oldrel-windows-ix86+x86_64 1.1.0 6.00 136.00 142.00 OK
r-oldrel-osx-x86_64 1.1.0 NOTE

Check Details

Version: 1.1.0
Check: dependencies in R code
Result: NOTE
    Namespace in Imports field not imported from: ‘urca’
     All declared Imports should be used.
Flavors: r-devel-linux-x86_64-fedora-clang, r-devel-linux-x86_64-fedora-gcc, r-patched-solaris-x86, r-release-osx-x86_64, r-oldrel-osx-x86_64