CRAN Package Check Results for Package memoise

Last updated on 2019-03-23 09:48:04 CET.

Flavor Version Tinstall Tcheck Ttotal Status Flags
r-devel-linux-x86_64-debian-clang 1.1.0 1.58 19.95 21.53 OK
r-devel-linux-x86_64-debian-gcc 1.1.0 1.26 16.49 17.75 OK
r-devel-linux-x86_64-fedora-clang 1.1.0 27.16 OK
r-devel-linux-x86_64-fedora-gcc 1.1.0 24.79 OK
r-devel-windows-ix86+x86_64 1.1.0 11.00 66.00 77.00 OK
r-patched-linux-x86_64 1.1.0 0.94 18.81 19.75 OK
r-patched-solaris-x86 1.1.0 38.50 OK
r-release-linux-x86_64 1.1.0 0.25 1.94 2.19 ERROR
r-release-windows-ix86+x86_64 1.1.0 2.00 53.00 55.00 OK
r-release-osx-x86_64 1.1.0 OK
r-oldrel-windows-ix86+x86_64 1.1.0 2.00 62.00 64.00 OK
r-oldrel-osx-x86_64 1.1.0 NOTE

Check Details

Version: 1.1.0
Check: whether package can be installed
Result: ERROR
    Installation failed.
Flavor: r-release-linux-x86_64

Version: 1.1.0
Check: package dependencies
Result: NOTE
    Package suggested but not available for checking: ‘aws.s3’
Flavor: r-oldrel-osx-x86_64