Last updated on 2023-03-30 07:54:05 CEST.
Flavor | Version | Tinstall | Tcheck | Ttotal | Status | Flags |
---|---|---|---|---|---|---|
r-devel-linux-x86_64-debian-clang | 2.0.1 | 2.62 | 32.81 | 35.43 | OK | |
r-devel-linux-x86_64-debian-gcc | 2.0.1 | 2.41 | 26.29 | 28.70 | OK | |
r-devel-linux-x86_64-fedora-clang | 2.0.1 | 48.76 | OK | |||
r-devel-linux-x86_64-fedora-gcc | 2.0.1 | 43.57 | OK | |||
r-devel-windows-x86_64 | 2.0.1 | 13.00 | 0.00 | 13.00 | OK | |
r-patched-linux-x86_64 | 2.0.1 | 2.80 | 32.46 | 35.26 | OK | |
r-release-linux-x86_64 | 2.0.1 | 2.49 | 33.98 | 36.47 | OK | |
r-release-macos-arm64 | 2.0.1 | 21.00 | OK | |||
r-release-macos-x86_64 | 2.0.1 | 30.00 | OK | |||
r-release-windows-x86_64 | 2.0.1 | 15.00 | 73.00 | 88.00 | OK | |
r-oldrel-macos-arm64 | 2.0.1 | 42.00 | OK | |||
r-oldrel-macos-x86_64 | 2.0.1 | 47.00 | OK | |||
r-oldrel-windows-ix86+x86_64 | 2.0.1 | 8.00 | 62.00 | 70.00 | NOTE |
Version: 2.0.1
Check: dependencies in R code
Result: NOTE
Initiating curl with CURL_SSL_BACKEND: openssl
Flavor: r-oldrel-windows-ix86+x86_64