CRAN Package Check Results for Package memor

Last updated on 2021-12-05 05:52:52 CET.

Flavor Version Tinstall Tcheck Ttotal Status Flags
r-devel-linux-x86_64-debian-clang 0.2.3 2.52 43.19 45.71 OK
r-devel-linux-x86_64-debian-gcc 0.2.3 1.28 34.46 35.74 OK
r-devel-linux-x86_64-fedora-clang 0.2.3 54.59 WARN
r-devel-linux-x86_64-fedora-gcc 0.2.3 41.56 WARN
r-devel-windows-x86_64-new-UL 0.2.3 8.00 114.00 122.00 OK
r-devel-windows-x86_64-new-TK 0.2.3 WARN
r-devel-windows-x86_64-old 0.2.3 4.00 50.00 54.00 OK
r-patched-linux-x86_64 0.2.3 2.43 33.54 35.97 OK
r-release-linux-x86_64 0.2.3 2.30 41.03 43.33 OK
r-release-macos-arm64 0.2.3 OK
r-release-macos-x86_64 0.2.3 OK
r-release-windows-ix86+x86_64 0.2.3 6.00 74.00 80.00 OK
r-oldrel-macos-x86_64 0.2.3 OK
r-oldrel-windows-ix86+x86_64 0.2.3 7.00 62.00 69.00 OK

Check Details

Version: 0.2.3
Check: re-building of vignette outputs
Result: WARN
    Error(s) in re-building vignettes:
    --- re-building ‘memor.Rmd’ using rmarkdown
    ! Package xcolor Error: Undefined color `shadecolor'.
    
    Error: processing vignette 'memor.Rmd' failed with diagnostics:
    LaTeX failed to compile /data/gannet/ripley/R/packages/tests-clang/memor.Rcheck/vign_test/memor/vignettes/memor.tex. See https://yihui.org/tinytex/r/#debugging for debugging tips. See memor.log for more info.
    --- failed re-building ‘memor.Rmd’
    
    SUMMARY: processing the following file failed:
     ‘memor.Rmd’
    
    Error: Vignette re-building failed.
    Execution halted
Flavor: r-devel-linux-x86_64-fedora-clang

Version: 0.2.3
Check: re-building of vignette outputs
Result: WARN
    Error(s) in re-building vignettes:
    --- re-building ‘memor.Rmd’ using rmarkdown
    ! Package xcolor Error: Undefined color `shadecolor'.
    
    Error: processing vignette 'memor.Rmd' failed with diagnostics:
    LaTeX failed to compile /data/gannet/ripley/R/packages/tests-devel/memor.Rcheck/vign_test/memor/vignettes/memor.tex. See https://yihui.org/tinytex/r/#debugging for debugging tips. See memor.log for more info.
    --- failed re-building ‘memor.Rmd’
    
    SUMMARY: processing the following file failed:
     ‘memor.Rmd’
    
    Error: Vignette re-building failed.
    Execution halted
Flavor: r-devel-linux-x86_64-fedora-gcc

Version: 0.2.3
Check: re-building of vignette outputs
Result: WARN
    Error(s) in re-building vignettes:
    --- re-building 'memor.Rmd' using rmarkdown
    ! LaTeX Error: File `tabu.sty' not found.
    
    ! Emergency stop.
    <read *>
    
    Error: processing vignette 'memor.Rmd' failed with diagnostics:
    LaTeX failed to compile C:/r_packages/pkgcheck/CRAN/memor/memor.Rcheck/vign_test/memor/vignettes/memor.tex. See https://yihui.org/tinytex/r/#debugging for debugging tips. See memor.log for more info.
    --- failed re-building 'memor.Rmd'
    
    SUMMARY: processing the following file failed:
     'memor.Rmd'
    
    Error: Vignette re-building failed.
    Execution halted
Flavor: r-devel-windows-x86_64-new-TK