CRAN Package Check Results for Package memoria

Last updated on 2022-11-28 10:57:24 CET.

Flavor Version Tinstall Tcheck Ttotal Status Flags
r-devel-linux-x86_64-debian-clang 1.0.0 17.65 149.23 166.88 NOTE
r-devel-linux-x86_64-debian-gcc 1.0.0 14.15 110.98 125.13 NOTE
r-devel-linux-x86_64-fedora-clang 1.0.0 216.93 NOTE
r-devel-linux-x86_64-fedora-gcc 1.0.0 206.26 NOTE
r-devel-windows-x86_64 1.0.0 22.00 169.00 191.00 NOTE
r-patched-linux-x86_64 1.0.0 18.23 138.94 157.17 OK
r-release-linux-x86_64 1.0.0 11.83 139.80 151.63 OK
r-release-macos-arm64 1.0.0 50.00 OK
r-release-macos-x86_64 1.0.0 92.00 OK
r-release-windows-x86_64 1.0.0 38.00 177.00 215.00 OK
r-oldrel-macos-arm64 1.0.0 58.00 OK
r-oldrel-macos-x86_64 1.0.0 103.00 OK
r-oldrel-windows-ix86+x86_64 1.0.0 40.00 162.00 202.00 OK

Check Details

Version: 1.0.0
Check: package subdirectories
Result: NOTE
    Problems with news in 'NEWS.md':
    No news entries found.
Flavors: r-devel-linux-x86_64-debian-clang, r-devel-linux-x86_64-debian-gcc, r-devel-linux-x86_64-fedora-clang, r-devel-linux-x86_64-fedora-gcc, r-devel-windows-x86_64